Last updated on 2025-02-16 08:50:52 CET.
Flavor | Version | Tinstall | Tcheck | Ttotal | Status | Flags |
---|---|---|---|---|---|---|
r-devel-linux-x86_64-debian-clang | 1.0-4 | 144.10 | 125.92 | 270.02 | OK | |
r-devel-linux-x86_64-debian-gcc | 1.0-4 | 110.75 | 81.96 | 192.71 | OK | |
r-devel-linux-x86_64-fedora-clang | 1.0-4 | 493.90 | OK | |||
r-devel-linux-x86_64-fedora-gcc | 1.0-4 | 546.52 | OK | |||
r-devel-macos-arm64 | 1.0-4 | 109.00 | OK | |||
r-devel-macos-x86_64 | 1.0-4 | 191.00 | OK | |||
r-devel-windows-x86_64 | 1.0-4 | 147.00 | 182.00 | 329.00 | OK | |
r-patched-linux-x86_64 | 1.0-4 | 156.21 | 119.83 | 276.04 | OK | |
r-release-linux-x86_64 | 1.0-4 | 146.04 | 120.30 | 266.34 | OK | |
r-release-macos-arm64 | 1.0-4 | 112.00 | NOTE | |||
r-release-macos-x86_64 | 1.0-4 | 152.00 | NOTE | |||
r-release-windows-x86_64 | 1.0-4 | 146.00 | 180.00 | 326.00 | NOTE | |
r-oldrel-macos-arm64 | 1.0-4 | 120.00 | NOTE | |||
r-oldrel-macos-x86_64 | 1.0-4 | 152.00 | NOTE | |||
r-oldrel-windows-x86_64 | 1.0-4 | 185.00 | 214.00 | 399.00 | NOTE |
Version: 1.0-4
Check: installed package size
Result: NOTE
installed size is 13.2Mb
sub-directories of 1Mb or more:
java 3.3Mb
libs 8.9Mb
Flavors: r-release-macos-arm64, r-release-macos-x86_64, r-release-windows-x86_64, r-oldrel-macos-arm64, r-oldrel-macos-x86_64, r-oldrel-windows-x86_64
These binaries (installable software) and packages are in development.
They may not be fully stable and should be used with caution. We make no claims about them.