Last updated on 2025-07-02 01:51:42 CEST.
Flavor | Version | Tinstall | Tcheck | Ttotal | Status | Flags |
---|---|---|---|---|---|---|
r-devel-linux-x86_64-debian-clang | 1.0-4 | 148.86 | 129.06 | 277.92 | OK | |
r-devel-linux-x86_64-debian-gcc | 1.0-4 | 118.15 | 84.90 | 203.05 | OK | |
r-devel-linux-x86_64-fedora-clang | 1.0-4 | 485.73 | OK | |||
r-devel-linux-x86_64-fedora-gcc | 1.0-4 | 513.40 | OK | |||
r-devel-windows-x86_64 | 1.0-4 | 171.00 | 182.00 | 353.00 | OK | |
r-patched-linux-x86_64 | OK | |||||
r-release-linux-x86_64 | 1.0-4 | 155.13 | 122.01 | 277.14 | OK | |
r-release-macos-arm64 | 1.0-4 | 147.00 | OK | |||
r-release-macos-x86_64 | 1.0-4 | 198.00 | OK | |||
r-release-windows-x86_64 | 1.0-4 | 169.00 | 179.00 | 348.00 | OK | |
r-oldrel-macos-arm64 | 1.0-4 | 112.00 | NOTE | |||
r-oldrel-macos-x86_64 | 1.0-4 | 152.00 | NOTE | |||
r-oldrel-windows-x86_64 | 1.0-4 | 201.00 | 224.00 | 425.00 | NOTE |
Version: 1.0-4
Check: installed package size
Result: NOTE
installed size is 13.2Mb
sub-directories of 1Mb or more:
java 3.3Mb
libs 8.9Mb
Flavors: r-oldrel-macos-arm64, r-oldrel-macos-x86_64, r-oldrel-windows-x86_64
These binaries (installable software) and packages are in development.
They may not be fully stable and should be used with caution. We make no claims about them.