Last updated on 2025-05-21 21:49:22 CEST.
Flavor | Version | Tinstall | Tcheck | Ttotal | Status | Flags |
---|---|---|---|---|---|---|
r-devel-linux-x86_64-debian-clang | 1.3.3 | 44.01 | 37.11 | 81.12 | NOTE | |
r-devel-linux-x86_64-debian-gcc | 1.3.3 | 27.40 | 29.23 | 56.63 | NOTE | |
r-devel-linux-x86_64-fedora-clang | 1.3.3 | 154.94 | NOTE | |||
r-devel-linux-x86_64-fedora-gcc | 1.3.3 | 157.06 | NOTE | |||
r-devel-windows-x86_64 | 1.3.3 | 50.00 | 91.00 | 141.00 | NOTE | |
r-patched-linux-x86_64 | 1.3.3 | 40.89 | 34.82 | 75.71 | NOTE | |
r-release-linux-x86_64 | 1.3.3 | 40.11 | 34.50 | 74.61 | NOTE | |
r-release-macos-arm64 | 1.3.3 | 60.00 | NOTE | |||
r-release-macos-x86_64 | 1.3.3 | 71.00 | NOTE | |||
r-release-windows-x86_64 | 1.3.3 | 51.00 | 93.00 | 144.00 | NOTE | |
r-oldrel-macos-arm64 | 1.3.3 | 43.00 | NOTE | |||
r-oldrel-macos-x86_64 | 1.3.3 | 57.00 | NOTE | |||
r-oldrel-windows-x86_64 | 1.3.3 | 58.00 | 89.00 | 147.00 | NOTE |
Version: 1.3.3
Check: CRAN incoming feasibility
Result: NOTE
Maintainer: ‘Jan Tilly <jantilly@gmail.com>’
No Authors@R field in DESCRIPTION.
Please add one, modifying
Authors@R: c(person(given = "Jan",
family = "Tilly",
role = c("aut", "cre"),
email = "jantilly@gmail.com"),
person(given = "Nick",
family = "Janetos",
role = "aut"))
as necessary.
Flavors: r-devel-linux-x86_64-debian-clang, r-devel-linux-x86_64-debian-gcc
Version: 1.3.3
Check: C++ specification
Result: NOTE
Specified C++11: please drop specification unless essential
Flavors: r-devel-linux-x86_64-debian-clang, r-devel-linux-x86_64-debian-gcc, r-devel-linux-x86_64-fedora-clang, r-devel-linux-x86_64-fedora-gcc, r-devel-windows-x86_64, r-patched-linux-x86_64, r-release-linux-x86_64, r-release-macos-arm64, r-release-macos-x86_64, r-release-windows-x86_64, r-oldrel-macos-arm64, r-oldrel-macos-x86_64, r-oldrel-windows-x86_64
These binaries (installable software) and packages are in development.
They may not be fully stable and should be used with caution. We make no claims about them.