Last updated on 2025-10-24 01:50:31 CEST.
| Flavor | Version | Tinstall | Tcheck | Ttotal | Status | Flags |
|---|---|---|---|---|---|---|
| r-devel-linux-x86_64-debian-clang | 0.1.1 | 2.78 | 37.70 | 40.48 | OK | |
| r-devel-linux-x86_64-debian-gcc | 0.1.1 | 1.97 | 29.46 | 31.43 | OK | |
| r-devel-linux-x86_64-fedora-clang | 0.1.1 | 61.03 | OK | |||
| r-devel-linux-x86_64-fedora-gcc | 0.1.1 | 71.71 | OK | |||
| r-devel-windows-x86_64 | 0.1.1 | 5.00 | 54.00 | 59.00 | OK | |
| r-patched-linux-x86_64 | 0.1.1 | 3.08 | 34.55 | 37.63 | OK | |
| r-release-linux-x86_64 | 0.1.1 | 2.41 | 34.35 | 36.76 | OK | |
| r-release-macos-arm64 | 0.1.1 | 2.00 | 64.00 | 66.00 | OK | |
| r-release-macos-x86_64 | 0.1.1 | 3.00 | 44.00 | 47.00 | OK | |
| r-release-windows-x86_64 | 0.1.1 | 4.00 | 55.00 | 59.00 | OK | |
| r-oldrel-macos-arm64 | 0.1.1 | 2.00 | 27.00 | 29.00 | NOTE | |
| r-oldrel-macos-x86_64 | 0.1.1 | 2.00 | 42.00 | 44.00 | NOTE | |
| r-oldrel-windows-x86_64 | 0.1.1 | 6.00 | 63.00 | 69.00 | NOTE |
Version: 0.1.1
Check: LazyData
Result: NOTE
'LazyData' is specified without a 'data' directory
Flavors: r-oldrel-macos-arm64, r-oldrel-macos-x86_64, r-oldrel-windows-x86_64
These binaries (installable software) and packages are in development.
They may not be fully stable and should be used with caution. We make no claims about them.