Last updated on 2025-02-16 08:50:52 CET.
Flavor | Version | Tinstall | Tcheck | Ttotal | Status | Flags |
---|---|---|---|---|---|---|
r-devel-linux-x86_64-debian-clang | 0.1.1 | 2.78 | 34.00 | 36.78 | OK | |
r-devel-linux-x86_64-debian-gcc | 0.1.1 | 2.19 | 26.74 | 28.93 | OK | |
r-devel-linux-x86_64-fedora-clang | 0.1.1 | 62.54 | OK | |||
r-devel-linux-x86_64-fedora-gcc | 0.1.1 | 70.87 | OK | |||
r-devel-macos-arm64 | 0.1.1 | 34.00 | OK | |||
r-devel-macos-x86_64 | 0.1.1 | 53.00 | OK | |||
r-devel-windows-x86_64 | 0.1.1 | 5.00 | 54.00 | 59.00 | OK | |
r-patched-linux-x86_64 | 0.1.1 | 2.67 | 32.47 | 35.14 | NOTE | |
r-release-linux-x86_64 | 0.1.1 | 2.86 | 32.35 | 35.21 | NOTE | |
r-release-macos-arm64 | 0.1.1 | 29.00 | NOTE | |||
r-release-macos-x86_64 | 0.1.1 | 44.00 | NOTE | |||
r-release-windows-x86_64 | 0.1.1 | 5.00 | 58.00 | 63.00 | NOTE | |
r-oldrel-macos-arm64 | 0.1.1 | 32.00 | NOTE | |||
r-oldrel-macos-x86_64 | 0.1.1 | 41.00 | NOTE | |||
r-oldrel-windows-x86_64 | 0.1.1 | 5.00 | 84.00 | 89.00 | NOTE |
Version: 0.1.1
Check: LazyData
Result: NOTE
'LazyData' is specified without a 'data' directory
Flavors: r-patched-linux-x86_64, r-release-linux-x86_64, r-release-macos-arm64, r-release-macos-x86_64, r-release-windows-x86_64, r-oldrel-macos-arm64, r-oldrel-macos-x86_64, r-oldrel-windows-x86_64
These binaries (installable software) and packages are in development.
They may not be fully stable and should be used with caution. We make no claims about them.