CRAN Package Check Results for Package matlib

Last updated on 2025-05-08 04:52:10 CEST.

Flavor Version Tinstall Tcheck Ttotal Status Flags
r-devel-linux-x86_64-debian-clang 1.0.0 9.12 122.18 131.30 NOTE
r-devel-linux-x86_64-debian-gcc 1.0.0 7.46 101.20 108.66 NOTE
r-devel-linux-x86_64-fedora-clang 1.0.0 218.92 NOTE
r-devel-linux-x86_64-fedora-gcc 1.0.0 223.84 NOTE
r-devel-windows-x86_64 1.0.0 12.00 157.00 169.00 NOTE
r-patched-linux-x86_64 1.0.0 11.52 117.64 129.16 NOTE
r-release-linux-x86_64 1.0.0 9.59 118.05 127.64 NOTE
r-release-macos-arm64 1.0.0 78.00 NOTE
r-release-macos-x86_64 1.0.0 135.00 NOTE
r-release-windows-x86_64 1.0.0 12.00 157.00 169.00 NOTE
r-oldrel-macos-arm64 1.0.0 75.00 OK
r-oldrel-macos-x86_64 1.0.0 171.00 OK
r-oldrel-windows-x86_64 1.0.0 15.00 182.00 197.00 OK

Check Details

Version: 1.0.0
Check: DESCRIPTION meta-information
Result: NOTE Missing dependency on R >= 4.2.0 because package code uses the pipe placeholder syntax added in R 4.2.0. File(s) using such syntax: ‘latexMatrix.R’ Flavors: r-devel-linux-x86_64-debian-clang, r-devel-linux-x86_64-debian-gcc, r-devel-linux-x86_64-fedora-clang, r-devel-linux-x86_64-fedora-gcc, r-devel-windows-x86_64, r-patched-linux-x86_64, r-release-linux-x86_64, r-release-macos-arm64, r-release-windows-x86_64

Version: 1.0.0
Check: DESCRIPTION meta-information
Result: NOTE Missing dependency on R >= 4.1.0 because package code uses the pipe |> or function shorthand \(...) syntax added in R 4.1.0. File(s) using such syntax: ‘latexMatrix.R’ Flavor: r-release-macos-x86_64

These binaries (installable software) and packages are in development.
They may not be fully stable and should be used with caution. We make no claims about them.