CRAN Package Check Results for Package matrans

Last updated on 2025-07-22 13:49:17 CEST.

Flavor Version Tinstall Tcheck Ttotal Status Flags
r-devel-linux-x86_64-debian-clang 0.2.0 15.66 126.55 142.21 OK
r-devel-linux-x86_64-debian-gcc 0.2.0 11.04 94.67 105.71 OK
r-devel-linux-x86_64-fedora-clang 0.2.0 209.86 NOTE
r-devel-linux-x86_64-fedora-gcc 0.2.0 236.90 NOTE
r-devel-windows-x86_64 0.2.0 15.00 124.00 139.00 OK
r-patched-linux-x86_64 0.2.0 14.70 115.28 129.98 OK
r-release-linux-x86_64 0.2.0 13.99 115.20 129.19 OK
r-release-macos-arm64 0.2.0 62.00 OK
r-release-macos-x86_64 0.2.0 120.00 OK
r-release-windows-x86_64 0.2.0 15.00 125.00 140.00 OK
r-oldrel-macos-arm64 0.2.0 68.00 OK
r-oldrel-macos-x86_64 0.2.0 112.00 OK
r-oldrel-windows-x86_64 0.2.0 20.00 159.00 179.00 OK

Check Details

Version: 0.2.0
Check: dependencies in R code
Result: NOTE Namespace in Imports field not imported from: ‘formatR’ All declared Imports should be used. Flavors: r-devel-linux-x86_64-fedora-clang, r-devel-linux-x86_64-fedora-gcc

These binaries (installable software) and packages are in development.
They may not be fully stable and should be used with caution. We make no claims about them.