Last updated on 2025-11-11 15:50:38 CET.
| Flavor | Version | Tinstall | Tcheck | Ttotal | Status | Flags |
|---|---|---|---|---|---|---|
| r-devel-linux-x86_64-debian-clang | 0.8.2 | 13.89 | 68.84 | 82.73 | OK | |
| r-devel-linux-x86_64-debian-gcc | 0.8.2 | 9.74 | 51.05 | 60.79 | OK | |
| r-devel-linux-x86_64-fedora-clang | 0.8.2 | 34.00 | 97.27 | 131.27 | OK | |
| r-devel-linux-x86_64-fedora-gcc | 0.8.2 | 31.00 | 105.10 | 136.10 | OK | |
| r-devel-windows-x86_64 | 0.8.2 | 20.00 | 91.00 | 111.00 | OK | |
| r-patched-linux-x86_64 | 0.8.2 | 14.14 | 64.31 | 78.45 | OK | |
| r-release-linux-x86_64 | 0.8.2 | 12.53 | 62.93 | 75.46 | OK | |
| r-release-macos-arm64 | 0.8.2 | 8.00 | 53.00 | 61.00 | OK | |
| r-release-macos-x86_64 | 0.8.2 | 10.00 | 63.00 | 73.00 | OK | |
| r-release-windows-x86_64 | 0.8.2 | 19.00 | 94.00 | 113.00 | OK | |
| r-oldrel-macos-arm64 | 0.8.2 | 8.00 | 33.00 | 41.00 | NOTE | |
| r-oldrel-macos-x86_64 | 0.8.2 | 10.00 | 51.00 | 61.00 | NOTE | |
| r-oldrel-windows-x86_64 | 0.8.2 | 24.00 | 120.00 | 144.00 | NOTE |
Version: 0.8.2
Check: LazyData
Result: NOTE
'LazyData' is specified without a 'data' directory
Flavors: r-oldrel-macos-arm64, r-oldrel-macos-x86_64, r-oldrel-windows-x86_64
These binaries (installable software) and packages are in development.
They may not be fully stable and should be used with caution. We make no claims about them.