CRAN Package Check Results for Package matricks

Last updated on 2025-07-02 01:51:42 CEST.

Flavor Version Tinstall Tcheck Ttotal Status Flags
r-devel-linux-x86_64-debian-clang 0.8.2 13.93 57.91 71.84 OK
r-devel-linux-x86_64-debian-gcc 0.8.2 10.15 42.77 52.92 OK
r-devel-linux-x86_64-fedora-clang 0.8.2 119.75 OK
r-devel-linux-x86_64-fedora-gcc 0.8.2 125.83 OK
r-devel-windows-x86_64 0.8.2 18.00 93.00 111.00 OK
r-patched-linux-x86_64 OK
r-release-linux-x86_64 0.8.2 13.70 54.25 67.95 OK
r-release-macos-arm64 0.8.2 61.00 OK
r-release-macos-x86_64 0.8.2 73.00 OK
r-release-windows-x86_64 0.8.2 19.00 89.00 108.00 OK
r-oldrel-macos-arm64 0.8.2 41.00 NOTE
r-oldrel-macos-x86_64 0.8.2 61.00 NOTE
r-oldrel-windows-x86_64 0.8.2 22.00 111.00 133.00 NOTE

Check Details

Version: 0.8.2
Check: LazyData
Result: NOTE 'LazyData' is specified without a 'data' directory Flavors: r-oldrel-macos-arm64, r-oldrel-macos-x86_64, r-oldrel-windows-x86_64

These binaries (installable software) and packages are in development.
They may not be fully stable and should be used with caution. We make no claims about them.