CRAN Package Check Results for Package matrixLaplacian

Last updated on 2025-10-03 17:48:38 CEST.

Flavor Version Tinstall Tcheck Ttotal Status Flags
r-devel-linux-x86_64-debian-clang 1.0 1.61 17.82 19.43 OK
r-devel-linux-x86_64-debian-gcc 1.0 1.26 15.61 16.87 OK
r-devel-linux-x86_64-fedora-clang 1.0 28.25 OK
r-devel-linux-x86_64-fedora-gcc 1.0 27.07 OK
r-devel-windows-x86_64 1.0 3.00 37.00 40.00 OK
r-patched-linux-x86_64 1.0 1.44 16.82 18.26 OK
r-release-linux-x86_64 1.0 1.36 16.83 18.19 OK
r-release-macos-arm64 1.0 15.00 OK
r-release-macos-x86_64 1.0 29.00 OK
r-release-windows-x86_64 1.0 2.00 45.00 47.00 OK
r-oldrel-macos-arm64 1.0 14.00 NOTE
r-oldrel-macos-x86_64 1.0 20.00 NOTE
r-oldrel-windows-x86_64 1.0 3.00 36.00 39.00 NOTE

Check Details

Version: 1.0
Check: LazyData
Result: NOTE 'LazyData' is specified without a 'data' directory Flavors: r-oldrel-macos-arm64, r-oldrel-macos-x86_64, r-oldrel-windows-x86_64

These binaries (installable software) and packages are in development.
They may not be fully stable and should be used with caution. We make no claims about them.