Last updated on 2025-11-11 15:50:38 CET.
| Flavor | Version | Tinstall | Tcheck | Ttotal | Status | Flags |
|---|---|---|---|---|---|---|
| r-devel-linux-x86_64-debian-clang | 1.0 | 1.45 | 17.87 | 19.32 | OK | |
| r-devel-linux-x86_64-debian-gcc | 1.0 | 1.20 | 15.11 | 16.31 | OK | |
| r-devel-linux-x86_64-fedora-clang | 1.0 | 28.29 | OK | |||
| r-devel-linux-x86_64-fedora-gcc | 1.0 | 27.18 | OK | |||
| r-devel-windows-x86_64 | 1.0 | 3.00 | 37.00 | 40.00 | OK | |
| r-patched-linux-x86_64 | 1.0 | 1.56 | 16.80 | 18.36 | OK | |
| r-release-linux-x86_64 | 1.0 | 1.56 | 16.75 | 18.31 | OK | |
| r-release-macos-arm64 | 1.0 | 1.00 | 14.00 | 15.00 | OK | |
| r-release-macos-x86_64 | 1.0 | 2.00 | 27.00 | 29.00 | OK | |
| r-release-windows-x86_64 | 1.0 | 4.00 | 43.00 | 47.00 | OK | |
| r-oldrel-macos-arm64 | 1.0 | 1.00 | 13.00 | 14.00 | NOTE | |
| r-oldrel-macos-x86_64 | 1.0 | 1.00 | 19.00 | 20.00 | NOTE | |
| r-oldrel-windows-x86_64 | 1.0 | 3.00 | 36.00 | 39.00 | NOTE |
Version: 1.0
Check: LazyData
Result: NOTE
'LazyData' is specified without a 'data' directory
Flavors: r-oldrel-macos-arm64, r-oldrel-macos-x86_64, r-oldrel-windows-x86_64
These binaries (installable software) and packages are in development.
They may not be fully stable and should be used with caution. We make no claims about them.