Last updated on 2025-02-02 14:48:26 CET.
Flavor | Version | Tinstall | Tcheck | Ttotal | Status | Flags |
---|---|---|---|---|---|---|
r-devel-linux-x86_64-debian-clang | 0.1.1 | 1.78 | 26.10 | 27.88 | OK | |
r-devel-linux-x86_64-debian-gcc | 0.1.1 | 1.69 | 21.70 | 23.39 | OK | |
r-devel-linux-x86_64-fedora-clang | 0.1.1 | 47.35 | OK | |||
r-devel-linux-x86_64-fedora-gcc | 0.1.1 | 56.98 | OK | |||
r-devel-windows-x86_64 | 0.1.1 | 3.00 | 49.00 | 52.00 | OK | |
r-patched-linux-x86_64 | 0.1.1 | 2.17 | 25.10 | 27.27 | OK | |
r-release-linux-x86_64 | 0.1.1 | 1.93 | 24.61 | 26.54 | OK | |
r-release-macos-arm64 | 0.1.1 | 29.00 | OK | |||
r-release-macos-x86_64 | 0.1.1 | 36.00 | OK | |||
r-release-windows-x86_64 | 0.1.1 | 3.00 | 51.00 | 54.00 | OK | |
r-oldrel-macos-arm64 | 0.1.1 | 25.00 | OK | |||
r-oldrel-macos-x86_64 | 0.1.1 | 33.00 | NOTE | |||
r-oldrel-windows-x86_64 | 0.1.1 | 3.00 | 50.00 | 53.00 | OK |
Version: 0.1.1
Check: package dependencies
Result: NOTE
Package suggested but not available for checking: ‘MBSP’
Flavor: r-oldrel-macos-x86_64
These binaries (installable software) and packages are in development.
They may not be fully stable and should be used with caution. We make no claims about them.