Last updated on 2025-05-01 08:52:38 CEST.
Flavor | Version | Tinstall | Tcheck | Ttotal | Status | Flags |
---|---|---|---|---|---|---|
r-devel-linux-x86_64-debian-clang | 1.1.9 | 190.83 | 85.08 | 275.91 | NOTE | |
r-devel-linux-x86_64-debian-gcc | 1.1.9 | 131.15 | 57.46 | 188.61 | OK | |
r-devel-linux-x86_64-fedora-clang | 1.1.9 | 507.96 | OK | |||
r-devel-linux-x86_64-fedora-gcc | 1.1.9 | 495.11 | OK | |||
r-devel-windows-x86_64 | 1.1.9 | 206.00 | 181.00 | 387.00 | OK | |
r-patched-linux-x86_64 | 1.1.9 | 185.68 | 77.65 | 263.33 | OK | |
r-release-linux-x86_64 | OK | |||||
r-release-macos-arm64 | 1.1.9 | 104.00 | OK | |||
r-release-macos-x86_64 | 1.1.9 | 140.00 | OK | |||
r-release-windows-x86_64 | 1.1.9 | 204.00 | 187.00 | 391.00 | OK | |
r-oldrel-macos-arm64 | 1.1.9 | 97.00 | NOTE | |||
r-oldrel-macos-x86_64 | 1.1.9 | 135.00 | NOTE | |||
r-oldrel-windows-x86_64 | 1.1.9 | 226.00 | 197.00 | 423.00 | OK |
Version: 1.1.9
Check: examples
Result: NOTE
Examples with CPU (user + system) or elapsed time > 5s
user system elapsed
MoE-mph-method 7.814 0.106 9.888
Flavor: r-devel-linux-x86_64-debian-clang
Version: 1.1.9
Check: examples
Result: NA
user system elapsed
MoE-mph-method 3.992 0.093 5.506
OK
Flavor: r-devel-linux-x86_64-debian-gcc
Version: 1.1.9
Check: installed package size
Result: NOTE
installed size is 14.1Mb
sub-directories of 1Mb or more:
libs 13.2Mb
Flavors: r-oldrel-macos-arm64, r-oldrel-macos-x86_64
These binaries (installable software) and packages are in development.
They may not be fully stable and should be used with caution. We make no claims about them.