Last updated on 2025-02-16 08:50:52 CET.
Flavor | Version | Tinstall | Tcheck | Ttotal | Status | Flags |
---|---|---|---|---|---|---|
r-devel-linux-x86_64-debian-clang | 1.1.9 | 189.19 | 80.90 | 270.09 | OK | |
r-devel-linux-x86_64-debian-gcc | 1.1.9 | 131.85 | 55.21 | 187.06 | OK | |
r-devel-linux-x86_64-fedora-clang | 1.1.9 | 513.92 | OK | |||
r-devel-linux-x86_64-fedora-gcc | 1.1.9 | 540.08 | OK | |||
r-devel-macos-arm64 | 1.1.9 | 103.00 | OK | |||
r-devel-macos-x86_64 | 1.1.9 | 150.00 | OK | |||
r-devel-windows-x86_64 | 1.1.9 | 184.00 | 172.00 | 356.00 | OK | |
r-patched-linux-x86_64 | 1.1.9 | 187.85 | 74.36 | 262.21 | OK | |
r-release-linux-x86_64 | 1.1.9 | 184.31 | 74.57 | 258.88 | OK | |
r-release-macos-arm64 | 1.1.9 | 97.00 | NOTE | |||
r-release-macos-x86_64 | 1.1.9 | 135.00 | NOTE | |||
r-release-windows-x86_64 | 1.1.9 | 185.00 | 166.00 | 351.00 | OK | |
r-oldrel-macos-arm64 | 1.1.9 | 107.00 | NOTE | |||
r-oldrel-macos-x86_64 | 1.1.9 | 140.00 | NOTE | |||
r-oldrel-windows-x86_64 | 1.1.9 | 223.00 | 185.00 | 408.00 | OK |
Version: 1.1.9
Check: installed package size
Result: NOTE
installed size is 14.1Mb
sub-directories of 1Mb or more:
libs 13.2Mb
Flavors: r-release-macos-arm64, r-release-macos-x86_64, r-oldrel-macos-arm64, r-oldrel-macos-x86_64
These binaries (installable software) and packages are in development.
They may not be fully stable and should be used with caution. We make no claims about them.