CRAN Package Check Results for Package matrixdist

Last updated on 2025-11-13 17:50:39 CET.

Flavor Version Tinstall Tcheck Ttotal Status Flags
r-devel-linux-x86_64-debian-clang 1.1.9 187.61 89.60 277.21 OK
r-devel-linux-x86_64-debian-gcc 1.1.9 119.92 61.48 181.40 OK
r-devel-linux-x86_64-fedora-clang 1.1.9 275.00 231.78 506.78 OK
r-devel-linux-x86_64-fedora-gcc 1.1.9 192.00 282.83 474.83 OK
r-devel-windows-x86_64 1.1.9 206.00 160.00 366.00 OK
r-patched-linux-x86_64 1.1.9 190.39 82.64 273.03 OK
r-release-linux-x86_64 1.1.9 183.38 83.70 267.08 OK
r-release-macos-arm64 1.1.9 65.00 39.00 104.00 OK
r-release-macos-x86_64 1.1.9 63.00 77.00 140.00 OK
r-release-windows-x86_64 1.1.9 204.00 162.00 366.00 OK
r-oldrel-macos-arm64 1.1.9 62.00 35.00 97.00 NOTE
r-oldrel-macos-x86_64 1.1.9 58.00 77.00 135.00 NOTE
r-oldrel-windows-x86_64 1.1.9 247.00 193.00 440.00 OK

Check Details

Version: 1.1.9
Check: installed package size
Result: NOTE installed size is 14.1Mb sub-directories of 1Mb or more: libs 13.2Mb Flavors: r-oldrel-macos-arm64, r-oldrel-macos-x86_64

These binaries (installable software) and packages are in development.
They may not be fully stable and should be used with caution. We make no claims about them.