CRAN Package Check Results for Package matrixprofiler

Last updated on 2025-07-02 01:51:42 CEST.

Flavor Version Tinstall Tcheck Ttotal Status Flags
r-devel-linux-x86_64-debian-clang 0.1.9 85.60 33.01 118.61 NOTE
r-devel-linux-x86_64-debian-gcc 0.1.9 71.63 26.30 97.93 NOTE
r-devel-linux-x86_64-fedora-clang 0.1.9 205.10 NOTE
r-devel-linux-x86_64-fedora-gcc 0.1.9 243.22 NOTE
r-devel-windows-x86_64 0.1.9 98.00 74.00 172.00 NOTE
r-patched-linux-x86_64 NOTE
r-release-linux-x86_64 0.1.9 98.99 30.04 129.03 NOTE
r-release-macos-arm64 0.1.9 62.00 NOTE
r-release-macos-x86_64 0.1.9 63.00 NOTE
r-release-windows-x86_64 0.1.9 104.00 75.00 179.00 NOTE
r-oldrel-macos-arm64 0.1.9 34.00 NOTE
r-oldrel-macos-x86_64 0.1.9 37.00 NOTE
r-oldrel-windows-x86_64 0.1.9 112.00 85.00 197.00 NOTE

Check Details

Version: 0.1.9
Check: C++ specification
Result: NOTE Specified C++11: please drop specification unless essential Flavors: r-devel-linux-x86_64-debian-clang, r-devel-linux-x86_64-debian-gcc, r-devel-linux-x86_64-fedora-clang, r-devel-linux-x86_64-fedora-gcc, r-devel-windows-x86_64, r-patched-linux-x86_64, r-release-linux-x86_64, r-release-macos-arm64, r-release-macos-x86_64, r-release-windows-x86_64, r-oldrel-macos-arm64, r-oldrel-macos-x86_64, r-oldrel-windows-x86_64

Version: 0.1.9
Check: installed package size
Result: NOTE installed size is 9.0Mb sub-directories of 1Mb or more: libs 8.8Mb Flavors: r-oldrel-macos-arm64, r-oldrel-macos-x86_64

Version: 0.1.9
Check: for GNU extensions in Makefiles
Result: NOTE GNU make is a SystemRequirements. Flavors: r-oldrel-macos-arm64, r-oldrel-macos-x86_64, r-oldrel-windows-x86_64

These binaries (installable software) and packages are in development.
They may not be fully stable and should be used with caution. We make no claims about them.