Last updated on 2025-10-03 11:50:50 CEST.
Flavor | Version | Tinstall | Tcheck | Ttotal | Status | Flags |
---|---|---|---|---|---|---|
r-devel-linux-x86_64-debian-clang | 0.1.9 | 79.39 | 33.98 | 113.37 | NOTE | |
r-devel-linux-x86_64-debian-gcc | 0.1.9 | 68.15 | 26.98 | 95.13 | NOTE | |
r-devel-linux-x86_64-fedora-clang | 0.1.9 | 197.63 | NOTE | |||
r-devel-linux-x86_64-fedora-gcc | 0.1.9 | 238.26 | NOTE | |||
r-devel-windows-x86_64 | 0.1.9 | 103.00 | 73.00 | 176.00 | NOTE | |
r-patched-linux-x86_64 | 0.1.9 | 96.28 | 30.69 | 126.97 | NOTE | |
r-release-linux-x86_64 | 0.1.9 | 95.29 | 31.48 | 126.77 | NOTE | |
r-release-macos-arm64 | 0.1.9 | 62.00 | NOTE | |||
r-release-macos-x86_64 | 0.1.9 | 63.00 | NOTE | |||
r-release-windows-x86_64 | 0.1.9 | 101.00 | 72.00 | 173.00 | NOTE | |
r-oldrel-macos-arm64 | 0.1.9 | 34.00 | NOTE | |||
r-oldrel-macos-x86_64 | 0.1.9 | 37.00 | NOTE | |||
r-oldrel-windows-x86_64 | 0.1.9 | 99.00 | 95.00 | 194.00 | NOTE |
Version: 0.1.9
Check: C++ specification
Result: NOTE
Specified C++11: please drop specification unless essential
Flavors: r-devel-linux-x86_64-debian-clang, r-devel-linux-x86_64-debian-gcc, r-devel-linux-x86_64-fedora-clang, r-devel-linux-x86_64-fedora-gcc, r-devel-windows-x86_64, r-patched-linux-x86_64, r-release-linux-x86_64, r-release-macos-arm64, r-release-macos-x86_64, r-release-windows-x86_64, r-oldrel-macos-arm64, r-oldrel-macos-x86_64, r-oldrel-windows-x86_64
Version: 0.1.9
Check: installed package size
Result: NOTE
installed size is 9.0Mb
sub-directories of 1Mb or more:
libs 8.8Mb
Flavors: r-oldrel-macos-arm64, r-oldrel-macos-x86_64
Version: 0.1.9
Check: for GNU extensions in Makefiles
Result: NOTE
GNU make is a SystemRequirements.
Flavors: r-oldrel-macos-arm64, r-oldrel-macos-x86_64, r-oldrel-windows-x86_64
These binaries (installable software) and packages are in development.
They may not be fully stable and should be used with caution. We make no claims about them.