Last updated on 2025-02-16 08:50:52 CET.
Flavor | Version | Tinstall | Tcheck | Ttotal | Status | Flags |
---|---|---|---|---|---|---|
r-devel-linux-x86_64-debian-clang | 0.1.2 | 5.59 | 58.07 | 63.66 | NOTE | |
r-devel-linux-x86_64-debian-gcc | 0.1.2 | 4.16 | 41.67 | 45.83 | NOTE | |
r-devel-linux-x86_64-fedora-clang | 0.1.2 | 102.44 | NOTE | |||
r-devel-linux-x86_64-fedora-gcc | 0.1.2 | 108.61 | NOTE | |||
r-devel-macos-arm64 | 0.1.2 | 39.00 | OK | |||
r-devel-macos-x86_64 | 0.1.2 | 77.00 | OK | |||
r-devel-windows-x86_64 | 0.1.2 | 7.00 | 75.00 | 82.00 | OK | |
r-patched-linux-x86_64 | 0.1.2 | 5.88 | 53.61 | 59.49 | NOTE | |
r-release-linux-x86_64 | 0.1.2 | 5.61 | 53.22 | 58.83 | NOTE | |
r-release-macos-arm64 | 0.1.2 | 38.00 | OK | |||
r-release-macos-x86_64 | 0.1.2 | 61.00 | OK | |||
r-release-windows-x86_64 | 0.1.2 | 7.00 | 76.00 | 83.00 | OK | |
r-oldrel-macos-arm64 | 0.1.2 | 40.00 | OK | |||
r-oldrel-macos-x86_64 | 0.1.2 | 54.00 | OK | |||
r-oldrel-windows-x86_64 | 0.1.2 | 9.00 | 101.00 | 110.00 | OK |
Version: 0.1.2
Check: for non-standard things in the check directory
Result: NOTE
Found the following files/directories:
‘utilities.R’
Flavors: r-devel-linux-x86_64-debian-clang, r-devel-linux-x86_64-debian-gcc, r-devel-linux-x86_64-fedora-clang, r-devel-linux-x86_64-fedora-gcc, r-patched-linux-x86_64, r-release-linux-x86_64
These binaries (installable software) and packages are in development.
They may not be fully stable and should be used with caution. We make no claims about them.