Last updated on 2025-05-01 15:49:36 CEST.
Flavor | Version | Tinstall | Tcheck | Ttotal | Status | Flags |
---|---|---|---|---|---|---|
r-devel-linux-x86_64-debian-clang | 0.1.2 | 6.54 | 64.08 | 70.62 | NOTE | |
r-devel-linux-x86_64-debian-gcc | 0.1.2 | 4.25 | 47.13 | 51.38 | NOTE | |
r-devel-linux-x86_64-fedora-clang | 0.1.2 | 103.39 | NOTE | |||
r-devel-linux-x86_64-fedora-gcc | 0.1.2 | 108.80 | NOTE | |||
r-devel-windows-x86_64 | 0.1.2 | 8.00 | 84.00 | 92.00 | OK | |
r-patched-linux-x86_64 | 0.1.2 | 6.32 | 59.16 | 65.48 | NOTE | |
r-release-linux-x86_64 | NOTE | |||||
r-release-macos-arm64 | 0.1.2 | 58.00 | OK | |||
r-release-macos-x86_64 | 0.1.2 | 72.00 | OK | |||
r-release-windows-x86_64 | 0.1.2 | 9.00 | 89.00 | 98.00 | OK | |
r-oldrel-macos-arm64 | 0.1.2 | 38.00 | OK | |||
r-oldrel-macos-x86_64 | 0.1.2 | 61.00 | OK | |||
r-oldrel-windows-x86_64 | 0.1.2 | 9.00 | 96.00 | 105.00 | OK |
Version: 0.1.2
Check: for non-standard things in the check directory
Result: NOTE
Found the following files/directories:
‘utilities.R’
Flavors: r-devel-linux-x86_64-debian-clang, r-devel-linux-x86_64-debian-gcc, r-devel-linux-x86_64-fedora-clang, r-devel-linux-x86_64-fedora-gcc, r-patched-linux-x86_64, r-release-linux-x86_64
These binaries (installable software) and packages are in development.
They may not be fully stable and should be used with caution. We make no claims about them.