CRAN Package Check Results for Package maxcombo

Last updated on 2025-10-03 13:49:39 CEST.

Flavor Version Tinstall Tcheck Ttotal Status Flags
r-devel-linux-x86_64-debian-clang 1.0 2.83 31.32 34.15 NOTE
r-devel-linux-x86_64-debian-gcc 1.0 1.96 24.49 26.45 NOTE
r-devel-linux-x86_64-fedora-clang 1.0 50.43 OK
r-devel-linux-x86_64-fedora-gcc 1.0 48.04 OK
r-devel-windows-x86_64 1.0 5.00 52.00 57.00 OK
r-patched-linux-x86_64 1.0 3.37 29.78 33.15 OK
r-release-linux-x86_64 1.0 2.55 29.76 32.31 OK
r-release-macos-arm64 1.0 26.00 OK
r-release-macos-x86_64 1.0 32.00 OK
r-release-windows-x86_64 1.0 6.00 52.00 58.00 OK
r-oldrel-macos-arm64 1.0 20.00 OK
r-oldrel-macos-x86_64 1.0 30.00 OK
r-oldrel-windows-x86_64 1.0 8.00 60.00 68.00 OK

Check Details

Version: 1.0
Check: CRAN incoming feasibility
Result: NOTE Maintainer: ‘Tom Prior <tomjamesprior@gmail.com>’ No Authors@R field in DESCRIPTION. Please add one, modifying Authors@R: person(given = "Tom", family = "Prior", role = c("aut", "cre"), email = "tomjamesprior@gmail.com") as necessary. Found the following URLs which should use \doi (with the DOI name only): File ‘maxcombo-package.Rd’: https://doi.org/10.1177/0962280220931560 Flavors: r-devel-linux-x86_64-debian-clang, r-devel-linux-x86_64-debian-gcc

These binaries (installable software) and packages are in development.
They may not be fully stable and should be used with caution. We make no claims about them.