Last updated on 2024-07-27 15:50:25 CEST.
Flavor | Version | Tinstall | Tcheck | Ttotal | Status | Flags |
---|---|---|---|---|---|---|
r-devel-linux-x86_64-debian-clang | 0.6 | 14.44 | 294.30 | 308.74 | NOTE | |
r-devel-linux-x86_64-debian-gcc | 0.6 | NOTE | ||||
r-devel-linux-x86_64-fedora-clang | 0.6 | 361.08 | NOTE | |||
r-devel-linux-x86_64-fedora-gcc | 0.6 | 354.87 | NOTE | |||
r-devel-windows-x86_64 | 0.6 | 14.00 | 216.00 | 230.00 | NOTE | |
r-patched-linux-x86_64 | 0.6 | NOTE | ||||
r-release-linux-x86_64 | 0.6 | 12.37 | 280.65 | 293.02 | NOTE | |
r-release-macos-arm64 | 0.6 | 89.00 | NOTE | |||
r-release-macos-x86_64 | 0.6 | 158.00 | NOTE | |||
r-release-windows-x86_64 | 0.6 | 14.00 | 210.00 | 224.00 | NOTE | |
r-oldrel-macos-arm64 | 0.6 | 81.00 | NOTE | |||
r-oldrel-macos-x86_64 | 0.6 | 136.00 | NOTE | |||
r-oldrel-windows-x86_64 | 0.6 | 17.00 | 292.00 | 309.00 | NOTE |
Version: 0.6
Check: LazyData
Result: NOTE
'LazyData' is specified without a 'data' directory
Flavors: r-devel-linux-x86_64-debian-clang, r-devel-linux-x86_64-debian-gcc, r-devel-linux-x86_64-fedora-clang, r-devel-linux-x86_64-fedora-gcc, r-devel-windows-x86_64, r-patched-linux-x86_64, r-release-linux-x86_64, r-release-macos-arm64, r-release-macos-x86_64, r-release-windows-x86_64, r-oldrel-macos-arm64, r-oldrel-macos-x86_64, r-oldrel-windows-x86_64
Version: 0.6
Check: Rd cross-references
Result: NOTE
Found the following Rd file(s) with Rd \link{} targets missing package
anchors:
mhglm.Rd: glmer
Please provide package anchors for all Rd \link{} targets not in the
package itself and the base packages.
Flavors: r-devel-linux-x86_64-debian-gcc, r-devel-windows-x86_64
Version: 0.6
Check: Rd cross-references
Result: NOTE
Undeclared packages ‘logistf’, ‘brglm’ in Rd xrefs
Flavor: r-devel-linux-x86_64-fedora-clang
These binaries (installable software) and packages are in development.
They may not be fully stable and should be used with caution. We make no claims about them.