Last updated on 2025-05-22 06:51:50 CEST.
Flavor | Version | Tinstall | Tcheck | Ttotal | Status | Flags |
---|---|---|---|---|---|---|
r-devel-linux-x86_64-debian-clang | 1.3.5 | 5.12 | 36.24 | 41.36 | OK | |
r-devel-linux-x86_64-debian-gcc | 1.3.5 | 3.65 | 27.04 | 30.69 | OK | |
r-devel-linux-x86_64-fedora-clang | 1.3.5 | 64.85 | NOTE | |||
r-devel-linux-x86_64-fedora-gcc | 1.3.5 | 75.17 | NOTE | |||
r-devel-windows-x86_64 | 1.3.5 | 6.00 | 73.00 | 79.00 | OK | |
r-patched-linux-x86_64 | 1.3.5 | 4.53 | 34.00 | 38.53 | OK | |
r-release-linux-x86_64 | 1.3.5 | 4.81 | 34.61 | 39.42 | OK | |
r-release-macos-arm64 | 1.3.5 | 48.00 | OK | |||
r-release-macos-x86_64 | 1.3.5 | 73.00 | OK | |||
r-release-windows-x86_64 | 1.3.5 | 6.00 | 84.00 | 90.00 | OK | |
r-oldrel-macos-arm64 | 1.3.5 | 27.00 | NOTE | |||
r-oldrel-macos-x86_64 | 1.3.5 | 41.00 | NOTE | |||
r-oldrel-windows-x86_64 | 1.3.5 | 8.00 | 63.00 | 71.00 | NOTE |
Version: 1.3.5
Check: dependencies in R code
Result: NOTE
Namespaces in Imports field not imported from:
‘effsize’ ‘psych’
All declared Imports should be used.
Flavors: r-devel-linux-x86_64-fedora-clang, r-devel-linux-x86_64-fedora-gcc
Version: 1.3.5
Check: LazyData
Result: NOTE
'LazyData' is specified without a 'data' directory
Flavors: r-oldrel-macos-arm64, r-oldrel-macos-x86_64, r-oldrel-windows-x86_64
These binaries (installable software) and packages are in development.
They may not be fully stable and should be used with caution. We make no claims about them.