CRAN Package Check Results for Package mbir

Last updated on 2025-11-14 09:50:07 CET.

Flavor Version Tinstall Tcheck Ttotal Status Flags
r-devel-linux-x86_64-debian-clang 1.3.5 5.00 37.16 42.16 OK
r-devel-linux-x86_64-debian-gcc 1.3.5 3.11 27.78 30.89 OK
r-devel-linux-x86_64-fedora-clang 1.3.5 11.00 53.97 64.97 NOTE
r-devel-linux-x86_64-fedora-gcc 1.3.5 74.87 NOTE
r-devel-windows-x86_64 1.3.5 6.00 54.00 60.00 OK
r-patched-linux-x86_64 1.3.5 4.85 35.86 40.71 OK
r-release-linux-x86_64 1.3.5 3.30 35.69 38.99 OK
r-release-macos-arm64 1.3.5 3.00 45.00 48.00 OK
r-release-macos-x86_64 1.3.5 6.00 67.00 73.00 OK
r-release-windows-x86_64 1.3.5 6.00 54.00 60.00 OK
r-oldrel-macos-arm64 1.3.5 2.00 25.00 27.00 NOTE
r-oldrel-macos-x86_64 1.3.5 3.00 38.00 41.00 NOTE
r-oldrel-windows-x86_64 1.3.5 7.00 64.00 71.00 NOTE

Check Details

Version: 1.3.5
Check: dependencies in R code
Result: NOTE Namespaces in Imports field not imported from: ‘effsize’ ‘psych’ All declared Imports should be used. Flavors: r-devel-linux-x86_64-fedora-clang, r-devel-linux-x86_64-fedora-gcc

Version: 1.3.5
Check: LazyData
Result: NOTE 'LazyData' is specified without a 'data' directory Flavors: r-oldrel-macos-arm64, r-oldrel-macos-x86_64, r-oldrel-windows-x86_64

These binaries (installable software) and packages are in development.
They may not be fully stable and should be used with caution. We make no claims about them.