CRAN Package Check Results for Package mbir

Last updated on 2025-02-16 08:50:54 CET.

Flavor Version Tinstall Tcheck Ttotal Status Flags
r-devel-linux-x86_64-debian-clang 1.3.5 5.01 35.63 40.64 OK
r-devel-linux-x86_64-debian-gcc 1.3.5 3.21 26.00 29.21 OK
r-devel-linux-x86_64-fedora-clang 1.3.5 68.00 NOTE
r-devel-linux-x86_64-fedora-gcc 1.3.5 75.28 NOTE
r-devel-macos-arm64 1.3.5 29.00 OK
r-devel-macos-x86_64 1.3.5 60.00 OK
r-devel-windows-x86_64 1.3.5 5.00 55.00 60.00 OK
r-patched-linux-x86_64 1.3.5 5.05 34.23 39.28 NOTE
r-release-linux-x86_64 1.3.5 4.72 33.55 38.27 NOTE
r-release-macos-arm64 1.3.5 27.00 NOTE
r-release-macos-x86_64 1.3.5 41.00 NOTE
r-release-windows-x86_64 1.3.5 5.00 55.00 60.00 NOTE
r-oldrel-macos-arm64 1.3.5 27.00 NOTE
r-oldrel-macos-x86_64 1.3.5 42.00 NOTE
r-oldrel-windows-x86_64 1.3.5 7.00 57.00 64.00 NOTE

Check Details

Version: 1.3.5
Check: dependencies in R code
Result: NOTE Namespaces in Imports field not imported from: ‘effsize’ ‘psych’ All declared Imports should be used. Flavors: r-devel-linux-x86_64-fedora-clang, r-devel-linux-x86_64-fedora-gcc

Version: 1.3.5
Check: LazyData
Result: NOTE 'LazyData' is specified without a 'data' directory Flavors: r-patched-linux-x86_64, r-release-linux-x86_64, r-release-macos-arm64, r-release-macos-x86_64, r-release-windows-x86_64, r-oldrel-macos-arm64, r-oldrel-macos-x86_64, r-oldrel-windows-x86_64

These binaries (installable software) and packages are in development.
They may not be fully stable and should be used with caution. We make no claims about them.