Last updated on 2025-07-02 03:50:45 CEST.
Flavor | Version | Tinstall | Tcheck | Ttotal | Status | Flags |
---|---|---|---|---|---|---|
r-devel-linux-x86_64-debian-clang | 0.0.1 | 10.35 | 97.42 | 107.77 | NOTE | |
r-devel-linux-x86_64-debian-gcc | 0.0.1 | 7.17 | 69.89 | 77.06 | NOTE | |
r-devel-linux-x86_64-fedora-clang | 0.0.1 | 163.86 | NOTE | |||
r-devel-linux-x86_64-fedora-gcc | 0.0.1 | 165.43 | NOTE | |||
r-devel-windows-x86_64 | 0.0.1 | 12.00 | 104.00 | 116.00 | OK | |
r-patched-linux-x86_64 | OK | |||||
r-release-linux-x86_64 | 0.0.1 | 9.51 | 86.28 | 95.79 | OK | |
r-release-macos-arm64 | 0.0.1 | 67.00 | OK | |||
r-release-macos-x86_64 | 0.0.1 | 102.00 | OK | |||
r-release-windows-x86_64 | 0.0.1 | 11.00 | 101.00 | 112.00 | OK | |
r-oldrel-macos-arm64 | 0.0.1 | 49.00 | OK | |||
r-oldrel-macos-x86_64 | 0.0.1 | 77.00 | OK | |||
r-oldrel-windows-x86_64 | 0.0.1 | 15.00 | 129.00 | 144.00 | OK |
Version: 0.0.1
Check: CRAN incoming feasibility
Result: NOTE
Maintainer: ‘Hung Nguyen <ntthung@gmail.com>’
No Authors@R field in DESCRIPTION.
Please add one, modifying
Authors@R: person(given = "Hung",
family = "Nguyen",
role = c("aut", "cre"),
email = "ntthung@gmail.com")
as necessary.
Flavors: r-devel-linux-x86_64-debian-clang, r-devel-linux-x86_64-debian-gcc
Version: 0.0.1
Check: dependencies in R code
Result: NOTE
Namespace in Imports field not imported from: ‘MASS’
All declared Imports should be used.
Flavors: r-devel-linux-x86_64-fedora-clang, r-devel-linux-x86_64-fedora-gcc
These binaries (installable software) and packages are in development.
They may not be fully stable and should be used with caution. We make no claims about them.