Last updated on 2025-10-03 17:48:38 CEST.
Flavor | Version | Tinstall | Tcheck | Ttotal | Status | Flags |
---|---|---|---|---|---|---|
r-devel-linux-x86_64-debian-clang | 0.0.1 | 10.22 | 98.06 | 108.28 | NOTE | |
r-devel-linux-x86_64-debian-gcc | 0.0.1 | 7.30 | 70.06 | 77.36 | NOTE | |
r-devel-linux-x86_64-fedora-clang | 0.0.1 | 162.28 | NOTE | |||
r-devel-linux-x86_64-fedora-gcc | 0.0.1 | 165.25 | NOTE | |||
r-devel-windows-x86_64 | 0.0.1 | 12.00 | 101.00 | 113.00 | OK | |
r-patched-linux-x86_64 | 0.0.1 | 9.65 | 89.50 | 99.15 | OK | |
r-release-linux-x86_64 | 0.0.1 | 10.69 | 88.97 | 99.66 | OK | |
r-release-macos-arm64 | 0.0.1 | 67.00 | OK | |||
r-release-macos-x86_64 | 0.0.1 | 102.00 | OK | |||
r-release-windows-x86_64 | 0.0.1 | 12.00 | 102.00 | 114.00 | OK | |
r-oldrel-macos-arm64 | 0.0.1 | 49.00 | OK | |||
r-oldrel-macos-x86_64 | 0.0.1 | 77.00 | OK | |||
r-oldrel-windows-x86_64 | 0.0.1 | 16.00 | 128.00 | 144.00 | OK |
Version: 0.0.1
Check: CRAN incoming feasibility
Result: NOTE
Maintainer: ‘Hung Nguyen <ntthung@gmail.com>’
No Authors@R field in DESCRIPTION.
Please add one, modifying
Authors@R: person(given = "Hung",
family = "Nguyen",
role = c("aut", "cre"),
email = "ntthung@gmail.com")
as necessary.
Flavors: r-devel-linux-x86_64-debian-clang, r-devel-linux-x86_64-debian-gcc
Version: 0.0.1
Check: dependencies in R code
Result: NOTE
Namespace in Imports field not imported from: ‘MASS’
All declared Imports should be used.
Flavors: r-devel-linux-x86_64-fedora-clang, r-devel-linux-x86_64-fedora-gcc
These binaries (installable software) and packages are in development.
They may not be fully stable and should be used with caution. We make no claims about them.