Last updated on 2025-11-11 15:50:38 CET.
| Flavor | Version | Tinstall | Tcheck | Ttotal | Status | Flags |
|---|---|---|---|---|---|---|
| r-devel-linux-x86_64-debian-clang | 0.0.1 | 9.87 | 95.67 | 105.54 | NOTE | |
| r-devel-linux-x86_64-debian-gcc | 0.0.1 | 6.56 | 70.23 | 76.79 | NOTE | |
| r-devel-linux-x86_64-fedora-clang | 0.0.1 | 23.00 | 140.14 | 163.14 | NOTE | |
| r-devel-linux-x86_64-fedora-gcc | 0.0.1 | 22.00 | 144.01 | 166.01 | NOTE | |
| r-devel-windows-x86_64 | 0.0.1 | 11.00 | 103.00 | 114.00 | OK | |
| r-patched-linux-x86_64 | 0.0.1 | 11.67 | 89.91 | 101.58 | OK | |
| r-release-linux-x86_64 | 0.0.1 | 10.14 | 88.95 | 99.09 | OK | |
| r-release-macos-arm64 | 0.0.1 | 6.00 | 61.00 | 67.00 | OK | |
| r-release-macos-x86_64 | 0.0.1 | 9.00 | 93.00 | 102.00 | OK | |
| r-release-windows-x86_64 | 0.0.1 | 11.00 | 101.00 | 112.00 | OK | |
| r-oldrel-macos-arm64 | 0.0.1 | 4.00 | 45.00 | 49.00 | OK | |
| r-oldrel-macos-x86_64 | 0.0.1 | 8.00 | 69.00 | 77.00 | OK | |
| r-oldrel-windows-x86_64 | 0.0.1 | 14.00 | 123.00 | 137.00 | OK |
Version: 0.0.1
Check: CRAN incoming feasibility
Result: NOTE
Maintainer: ‘Hung Nguyen <ntthung@gmail.com>’
No Authors@R field in DESCRIPTION.
Please add one, modifying
Authors@R: person(given = "Hung",
family = "Nguyen",
role = c("aut", "cre"),
email = "ntthung@gmail.com")
as necessary.
Flavors: r-devel-linux-x86_64-debian-clang, r-devel-linux-x86_64-debian-gcc
Version: 0.0.1
Check: dependencies in R code
Result: NOTE
Namespace in Imports field not imported from: ‘MASS’
All declared Imports should be used.
Flavors: r-devel-linux-x86_64-fedora-clang, r-devel-linux-x86_64-fedora-gcc
These binaries (installable software) and packages are in development.
They may not be fully stable and should be used with caution. We make no claims about them.