Last updated on 2025-11-11 15:50:38 CET.
| Flavor | Version | Tinstall | Tcheck | Ttotal | Status | Flags |
|---|---|---|---|---|---|---|
| r-devel-linux-x86_64-debian-clang | 1.1.1 | 1.75 | 22.10 | 23.85 | NOTE | |
| r-devel-linux-x86_64-debian-gcc | 1.1.1 | 1.71 | 17.72 | 19.43 | NOTE | |
| r-devel-linux-x86_64-fedora-clang | 1.1.1 | 35.36 | NOTE | |||
| r-devel-linux-x86_64-fedora-gcc | 1.1.1 | 33.46 | NOTE | |||
| r-devel-windows-x86_64 | 1.1.1 | 5.00 | 41.00 | 46.00 | NOTE | |
| r-patched-linux-x86_64 | 1.1.1 | 2.08 | 20.96 | 23.04 | NOTE | |
| r-release-linux-x86_64 | 1.1.1 | 1.61 | 21.06 | 22.67 | NOTE | |
| r-release-macos-arm64 | 1.1.1 | 1.00 | 18.00 | 19.00 | NOTE | |
| r-release-macos-x86_64 | 1.1.1 | 2.00 | 24.00 | 26.00 | NOTE | |
| r-release-windows-x86_64 | 1.1.1 | 3.00 | 40.00 | 43.00 | NOTE | |
| r-oldrel-macos-arm64 | 1.1.1 | 1.00 | 13.00 | 14.00 | NOTE | |
| r-oldrel-macos-x86_64 | 1.1.1 | 2.00 | 20.00 | 22.00 | NOTE | |
| r-oldrel-windows-x86_64 | 1.1.1 | 3.00 | 41.00 | 44.00 | NOTE |
Version: 1.1.1
Check: CRAN incoming feasibility
Result: NOTE
Maintainer: ‘Jae Keun Yoo <peter.yoo@ewha.ac.kr>’
No Authors@R field in DESCRIPTION.
Please add one, modifying
Authors@R: person(given = c("Jae", "Keun"),
family = "Yoo",
role = c("aut", "cre"),
email = "peter.yoo@ewha.ac.kr")
as necessary.
Flavors: r-devel-linux-x86_64-debian-clang, r-devel-linux-x86_64-debian-gcc
Version: 1.1.1
Check: Rd files
Result: NOTE
checkRd: (-1) SIGMAS.Rd:17: Lost braces; missing escapes or markup?
17 | Sigmahat = (Y^{T} Y)/n;
| ^
checkRd: (-1) SIGMAS.Rd:18: Lost braces; missing escapes or markup?
18 | Sigmahat_fit = (Y^{T} P_fx Y)/n;
| ^
checkRd: (-1) matpower.Rd:17: Lost braces; missing escapes or markup?
17 | The function computes M^{power} for a symmetric matrix M. }
| ^
Flavors: r-devel-linux-x86_64-debian-clang, r-devel-linux-x86_64-debian-gcc, r-devel-linux-x86_64-fedora-clang, r-devel-linux-x86_64-fedora-gcc, r-devel-windows-x86_64, r-patched-linux-x86_64, r-release-linux-x86_64, r-release-macos-arm64, r-release-macos-x86_64, r-release-windows-x86_64, r-oldrel-macos-arm64, r-oldrel-macos-x86_64, r-oldrel-windows-x86_64
These binaries (installable software) and packages are in development.
They may not be fully stable and should be used with caution. We make no claims about them.