Last updated on 2025-11-12 19:51:54 CET.
| Flavor | Version | Tinstall | Tcheck | Ttotal | Status | Flags |
|---|---|---|---|---|---|---|
| r-devel-linux-x86_64-debian-clang | 3.0 | 12.41 | 116.44 | 128.85 | NOTE | |
| r-devel-linux-x86_64-debian-gcc | 3.0 | 10.03 | 86.50 | 96.53 | NOTE | |
| r-devel-linux-x86_64-fedora-clang | 3.0 | 27.00 | 176.19 | 203.19 | OK | |
| r-devel-linux-x86_64-fedora-gcc | 3.0 | 26.00 | 173.72 | 199.72 | OK | |
| r-devel-windows-x86_64 | 3.0 | 14.00 | 117.00 | 131.00 | OK | |
| r-patched-linux-x86_64 | 3.0 | 12.73 | 110.23 | 122.96 | OK | |
| r-release-linux-x86_64 | 3.0 | 10.70 | 110.77 | 121.47 | OK | |
| r-release-macos-arm64 | 3.0 | 9.00 | 72.00 | 81.00 | OK | |
| r-release-macos-x86_64 | 3.0 | 11.00 | 98.00 | 109.00 | OK | |
| r-release-windows-x86_64 | 3.0 | 13.00 | 113.00 | 126.00 | OK | |
| r-oldrel-macos-arm64 | 3.0 | 5.00 | 51.00 | 56.00 | OK | |
| r-oldrel-macos-x86_64 | 3.0 | 8.00 | 75.00 | 83.00 | OK | |
| r-oldrel-windows-x86_64 | 3.0 | 19.00 | 143.00 | 162.00 | OK |
Version: 3.0
Check: CRAN incoming feasibility
Result: NOTE
Maintainer: ‘Ning Ning <patricianing@gmail.com>’
No Authors@R field in DESCRIPTION.
Please add one, modifying
Authors@R: c(person(given = "Jinwen",
family = "Qiu",
role = "aut",
email = "qjwsnow_ctw@hotmail.com"),
person(given = "Ning",
family = "Ning",
role = c("aut", "cre"),
email = "patricianing@gmail.com"))
as necessary.
Flavors: r-devel-linux-x86_64-debian-clang, r-devel-linux-x86_64-debian-gcc
These binaries (installable software) and packages are in development.
They may not be fully stable and should be used with caution. We make no claims about them.