Last updated on 2025-05-01 12:49:33 CEST.
Flavor | Version | Tinstall | Tcheck | Ttotal | Status | Flags |
---|---|---|---|---|---|---|
r-devel-linux-x86_64-debian-clang | 0.2.1 | 12.14 | 151.95 | 164.09 | NOTE | |
r-devel-linux-x86_64-debian-gcc | 0.2.1 | 7.74 | 104.40 | 112.14 | OK | |
r-devel-linux-x86_64-fedora-clang | 0.2.1 | 238.97 | OK | |||
r-devel-linux-x86_64-fedora-gcc | 0.2.1 | 246.16 | OK | |||
r-devel-windows-x86_64 | 0.2.1 | 14.00 | 202.00 | 216.00 | OK | |
r-patched-linux-x86_64 | 0.2.1 | 13.71 | 141.61 | 155.32 | OK | |
r-release-linux-x86_64 | OK | |||||
r-release-macos-arm64 | 0.2.1 | 75.00 | OK | |||
r-release-macos-x86_64 | 0.2.1 | 142.00 | OK | |||
r-release-windows-x86_64 | 0.2.1 | 14.00 | 210.00 | 224.00 | OK | |
r-oldrel-macos-arm64 | 0.2.1 | 69.00 | OK | |||
r-oldrel-macos-x86_64 | 0.2.1 | 106.00 | OK | |||
r-oldrel-windows-x86_64 | 0.2.1 | 18.00 | 232.00 | 250.00 | OK |
Version: 0.2.1
Check: examples
Result: NOTE
Examples with CPU (user + system) or elapsed time > 5s
user system elapsed
ggspaghetti 4.277 0.106 5.588
ggplotmc 3.934 0.027 5.120
Flavor: r-devel-linux-x86_64-debian-clang
These binaries (installable software) and packages are in development.
They may not be fully stable and should be used with caution. We make no claims about them.