Last updated on 2025-05-01 14:49:14 CEST.
Flavor | Version | Tinstall | Tcheck | Ttotal | Status | Flags |
---|---|---|---|---|---|---|
r-devel-linux-x86_64-debian-clang | 1.3.3 | 4.30 | 643.49 | 647.79 | NOTE | |
r-devel-linux-x86_64-debian-gcc | 1.3.3 | 3.07 | 463.41 | 466.48 | OK | |
r-devel-linux-x86_64-fedora-clang | 1.3.3 | 1148.71 | OK | |||
r-devel-linux-x86_64-fedora-gcc | 1.3.3 | 1085.96 | OK | |||
r-devel-windows-x86_64 | 1.3.3 | 6.00 | 814.00 | 820.00 | OK | |
r-patched-linux-x86_64 | 1.3.3 | 4.41 | 620.62 | 625.03 | OK | |
r-release-linux-x86_64 | OK | |||||
r-release-macos-arm64 | 1.3.3 | 682.00 | OK | |||
r-release-macos-x86_64 | 1.3.3 | 660.00 | OK | |||
r-release-windows-x86_64 | 1.3.3 | 8.00 | 824.00 | 832.00 | OK | |
r-oldrel-macos-arm64 | 1.3.3 | 366.00 | OK | |||
r-oldrel-macos-x86_64 | 1.3.3 | 994.00 | OK | |||
r-oldrel-windows-x86_64 | 1.3.3 | 8.00 | 1040.00 | 1048.00 | OK |
Version: 1.3.3
Check: examples
Result: NOTE
Examples with CPU (user + system) or elapsed time > 5s
user system elapsed
plotmcd 6.554 0.031 8.273
Flavor: r-devel-linux-x86_64-debian-clang
These binaries (installable software) and packages are in development.
They may not be fully stable and should be used with caution. We make no claims about them.