CRAN Package Check Results for Package mcbiopi

Last updated on 2025-11-11 15:50:38 CET.

Flavor Version Tinstall Tcheck Ttotal Status Flags
r-devel-linux-x86_64-debian-clang 1.1.6 1.78 19.77 21.55 NOTE
r-devel-linux-x86_64-debian-gcc 1.1.6 1.34 16.69 18.03 NOTE
r-devel-linux-x86_64-fedora-clang 1.1.6 31.68 OK
r-devel-linux-x86_64-fedora-gcc 1.1.6 29.85 OK
r-devel-windows-x86_64 1.1.6 4.00 38.00 42.00 OK
r-patched-linux-x86_64 1.1.6 1.77 18.73 20.50 OK
r-release-linux-x86_64 1.1.6 1.69 18.55 20.24 OK
r-release-macos-arm64 1.1.6 1.00 15.00 16.00 OK
r-release-macos-x86_64 1.1.6 2.00 21.00 23.00 OK
r-release-windows-x86_64 1.1.6 3.00 36.00 39.00 OK
r-oldrel-macos-arm64 1.1.6 1.00 13.00 14.00 OK
r-oldrel-macos-x86_64 1.1.6 2.00 26.00 28.00 OK
r-oldrel-windows-x86_64 1.1.6 3.00 39.00 42.00 OK

Check Details

Version: 1.1.6
Check: CRAN incoming feasibility
Result: NOTE Maintainer: ‘Holger Schwender <holger.schw@gmx.de>’ No Authors@R field in DESCRIPTION. Please add one, modifying Authors@R: person(given = "Holger", family = "Schwender", role = c("aut", "cre"), email = "holger.schw@gmx.de") as necessary. Flavors: r-devel-linux-x86_64-debian-clang, r-devel-linux-x86_64-debian-gcc

These binaries (installable software) and packages are in development.
They may not be fully stable and should be used with caution. We make no claims about them.