Last updated on 2025-04-16 15:52:51 CEST.
Flavor | Version | Tinstall | Tcheck | Ttotal | Status | Flags |
---|---|---|---|---|---|---|
r-devel-linux-x86_64-debian-clang | 0.7.0 | 15.48 | 115.85 | 131.33 | OK | |
r-devel-linux-x86_64-debian-gcc | 0.7.0 | 11.68 | 85.77 | 97.45 | OK | |
r-devel-linux-x86_64-fedora-clang | 0.7.0 | 198.86 | OK | |||
r-devel-linux-x86_64-fedora-gcc | 0.7.0 | 203.54 | OK | |||
r-devel-windows-x86_64 | 0.7.0 | 16.00 | 114.00 | 130.00 | OK | |
r-patched-linux-x86_64 | 0.7.0 | 13.64 | 105.77 | 119.41 | OK | |
r-release-linux-x86_64 | 0.7.0 | 15.07 | 107.16 | 122.23 | OK | |
r-release-macos-arm64 | 0.7.0 | 53.00 | OK | |||
r-release-macos-x86_64 | 0.7.0 | 98.00 | OK | |||
r-release-windows-x86_64 | 0.7.0 | 16.00 | 116.00 | 132.00 | OK | |
r-oldrel-macos-arm64 | 0.7.0 | 51.00 | NOTE | |||
r-oldrel-macos-x86_64 | 0.7.0 | 74.00 | NOTE | |||
r-oldrel-windows-x86_64 | 0.7.0 | 21.00 | 146.00 | 167.00 | NOTE |
Version: 0.7.0
Check: LazyData
Result: NOTE
'LazyData' is specified without a 'data' directory
Flavors: r-oldrel-macos-arm64, r-oldrel-macos-x86_64, r-oldrel-windows-x86_64
These binaries (installable software) and packages are in development.
They may not be fully stable and should be used with caution. We make no claims about them.