Last updated on 2025-07-21 15:51:06 CEST.
Flavor | Version | Tinstall | Tcheck | Ttotal | Status | Flags |
---|---|---|---|---|---|---|
r-devel-linux-x86_64-debian-clang | 3.0.7 | 14.84 | 46.46 | 61.30 | NOTE | |
r-devel-linux-x86_64-debian-gcc | 3.0.7 | 11.24 | 33.35 | 44.59 | NOTE | |
r-devel-linux-x86_64-fedora-clang | 3.0.7 | 97.24 | OK | |||
r-devel-linux-x86_64-fedora-gcc | 3.0.7 | 103.40 | OK | |||
r-devel-windows-x86_64 | 3.0.7 | 19.00 | 83.00 | 102.00 | OK | |
r-patched-linux-x86_64 | 3.0.7 | 16.10 | 42.56 | 58.66 | OK | |
r-release-linux-x86_64 | 3.0.7 | 15.06 | 43.25 | 58.31 | OK | |
r-release-macos-arm64 | 3.0.7 | 33.00 | OK | |||
r-release-macos-x86_64 | 3.0.7 | 78.00 | OK | |||
r-release-windows-x86_64 | 3.0.7 | 20.00 | 83.00 | 103.00 | OK | |
r-oldrel-macos-arm64 | 3.0.7 | 31.00 | OK | |||
r-oldrel-macos-x86_64 | 3.0.7 | 44.00 | OK | |||
r-oldrel-windows-x86_64 | 3.0.7 | 23.00 | 105.00 | 128.00 | OK |
Version: 3.0.7
Check: CRAN incoming feasibility
Result: NOTE
Maintainer: ‘Mehmet Hakan Satman <mhsatman@istanbul.edu.tr>’
No Authors@R field in DESCRIPTION.
Please add one, modifying
Authors@R: person(given = c("Mehmet", "Hakan"),
family = "Satman",
role = c("aut", "cre"),
email = "mhsatman@istanbul.edu.tr")
as necessary.
Flavors: r-devel-linux-x86_64-debian-clang, r-devel-linux-x86_64-debian-gcc
These binaries (installable software) and packages are in development.
They may not be fully stable and should be used with caution. We make no claims about them.