Last updated on 2025-05-01 14:49:14 CEST.
Flavor | Version | Tinstall | Tcheck | Ttotal | Status | Flags |
---|---|---|---|---|---|---|
r-devel-linux-x86_64-debian-clang | 0.9.6 | 10.64 | 95.52 | 106.16 | NOTE | |
r-devel-linux-x86_64-debian-gcc | 0.9.6 | 7.72 | 66.54 | 74.26 | NOTE | |
r-devel-linux-x86_64-fedora-clang | 0.9.6 | 172.96 | OK | |||
r-devel-linux-x86_64-fedora-gcc | 0.9.6 | 155.81 | OK | |||
r-devel-windows-x86_64 | 0.9.6 | 12.00 | 103.00 | 115.00 | OK | |
r-patched-linux-x86_64 | 0.9.6 | 12.41 | 88.08 | 100.49 | OK | |
r-release-linux-x86_64 | OK | |||||
r-release-macos-arm64 | 0.9.6 | 51.00 | OK | |||
r-release-macos-x86_64 | 0.9.6 | 102.00 | OK | |||
r-release-windows-x86_64 | 0.9.6 | 12.00 | 105.00 | 117.00 | OK | |
r-oldrel-macos-arm64 | 0.9.6 | 44.00 | OK | |||
r-oldrel-macos-x86_64 | 0.9.6 | 74.00 | OK | |||
r-oldrel-windows-x86_64 | 0.9.6 | 15.00 | 119.00 | 134.00 | OK |
Version: 0.9.6
Check: CRAN incoming feasibility
Result: NOTE
Maintainer: ‘Martin Elff <mclogit@elff.eu>’
No Authors@R field in DESCRIPTION.
Please add one, modifying
Authors@R: person(given = "Martin",
family = "Elff",
role = c("aut", "cre"),
email = "mclogit@elff.eu")
as necessary.
Flavors: r-devel-linux-x86_64-debian-clang, r-devel-linux-x86_64-debian-gcc
These binaries (installable software) and packages are in development.
They may not be fully stable and should be used with caution. We make no claims about them.