Last updated on 2025-07-22 19:51:53 CEST.
Flavor | Version | Tinstall | Tcheck | Ttotal | Status | Flags |
---|---|---|---|---|---|---|
r-devel-linux-x86_64-debian-clang | 6.1.1 | 41.40 | 224.34 | 265.74 | OK | |
r-devel-linux-x86_64-debian-gcc | 6.1.1 | 27.43 | 132.18 | 159.61 | OK | |
r-devel-linux-x86_64-fedora-clang | 6.1.1 | 424.26 | OK | |||
r-devel-linux-x86_64-fedora-gcc | 6.1.1 | 402.84 | OK | |||
r-devel-windows-x86_64 | 6.1.1 | 44.00 | 255.00 | 299.00 | OK | |
r-patched-linux-x86_64 | 6.1.1 | 35.40 | 188.83 | 224.23 | OK | |
r-release-linux-x86_64 | 6.1.1 | 34.35 | 192.31 | 226.66 | OK | |
r-release-macos-arm64 | 6.1.1 | 99.00 | OK | |||
r-release-macos-x86_64 | 6.1.1 | 194.00 | OK | |||
r-release-windows-x86_64 | 6.1.1 | 41.00 | 261.00 | 302.00 | OK | |
r-oldrel-macos-arm64 | 6.1.1 | 72.00 | NOTE | |||
r-oldrel-macos-x86_64 | 6.1.1 | 147.00 | NOTE | |||
r-oldrel-windows-x86_64 | 6.1.1 | 50.00 | 308.00 | 358.00 | NOTE |
Version: 6.1.1
Check: installed package size
Result: NOTE
installed size is 5.6Mb
sub-directories of 1Mb or more:
doc 2.9Mb
Flavors: r-oldrel-macos-arm64, r-oldrel-macos-x86_64, r-oldrel-windows-x86_64
These binaries (installable software) and packages are in development.
They may not be fully stable and should be used with caution. We make no claims about them.