Last updated on 2025-05-29 03:49:50 CEST.
Flavor | Version | Tinstall | Tcheck | Ttotal | Status | Flags |
---|---|---|---|---|---|---|
r-devel-linux-x86_64-debian-clang | 6.1.1 | 41.20 | 218.99 | 260.19 | OK | |
r-devel-linux-x86_64-debian-gcc | 6.1.1 | 26.42 | 132.96 | 159.38 | OK | |
r-devel-linux-x86_64-fedora-clang | 6.1.1 | 425.02 | OK | |||
r-devel-linux-x86_64-fedora-gcc | 6.1.1 | 376.43 | OK | |||
r-devel-windows-x86_64 | 6.1.1 | 43.00 | 265.00 | 308.00 | OK | |
r-patched-linux-x86_64 | 6.1.1 | 37.04 | 191.43 | 228.47 | OK | |
r-release-linux-x86_64 | 6.1.1 | 34.11 | 189.78 | 223.89 | OK | |
r-release-macos-arm64 | 6.1.1 | 99.00 | OK | |||
r-release-macos-x86_64 | 6.1.1 | 194.00 | OK | |||
r-release-windows-x86_64 | 6.1.1 | 41.00 | 288.00 | 329.00 | OK | |
r-oldrel-macos-arm64 | 6.1.1 | 72.00 | NOTE | |||
r-oldrel-macos-x86_64 | 6.1.1 | 147.00 | NOTE | |||
r-oldrel-windows-x86_64 | 6.1.1 | 47.00 | 320.00 | 367.00 | NOTE |
Version: 6.1.1
Check: installed package size
Result: NOTE
installed size is 5.6Mb
sub-directories of 1Mb or more:
doc 2.9Mb
Flavors: r-oldrel-macos-arm64, r-oldrel-macos-x86_64, r-oldrel-windows-x86_64
These binaries (installable software) and packages are in development.
They may not be fully stable and should be used with caution. We make no claims about them.