Last updated on 2024-07-27 15:50:25 CEST.
Flavor | Version | Tinstall | Tcheck | Ttotal | Status | Flags |
---|---|---|---|---|---|---|
r-devel-linux-x86_64-debian-clang | 0.3.3 | 25.62 | 32.41 | 58.03 | NOTE | |
r-devel-linux-x86_64-debian-gcc | 0.3.3 | NOTE | ||||
r-devel-linux-x86_64-fedora-clang | 0.3.3 | 91.12 | NOTE | |||
r-devel-linux-x86_64-fedora-gcc | 0.3.3 | 81.39 | NOTE | |||
r-devel-windows-x86_64 | 0.3.3 | 23.00 | 72.00 | 95.00 | NOTE | |
r-patched-linux-x86_64 | 0.3.3 | NOTE | ||||
r-release-linux-x86_64 | 0.3.3 | 19.20 | 30.78 | 49.98 | NOTE | |
r-release-macos-arm64 | 0.3.3 | 26.00 | NOTE | |||
r-release-macos-x86_64 | 0.3.3 | 33.00 | NOTE | |||
r-release-windows-x86_64 | 0.3.3 | 27.00 | 62.00 | 89.00 | NOTE | |
r-oldrel-macos-arm64 | 0.3.3 | 27.00 | NOTE | |||
r-oldrel-macos-x86_64 | 0.3.3 | 42.00 | NOTE | |||
r-oldrel-windows-x86_64 | 0.3.3 | 26.00 | 70.00 | 96.00 | NOTE |
Version: 0.3.3
Check: C++ specification
Result: NOTE
Specified C++11: please drop specification unless essential
Flavors: r-devel-linux-x86_64-debian-clang, r-devel-linux-x86_64-debian-gcc, r-devel-linux-x86_64-fedora-clang, r-devel-linux-x86_64-fedora-gcc, r-devel-windows-x86_64, r-patched-linux-x86_64, r-release-linux-x86_64, r-release-macos-arm64, r-release-macos-x86_64, r-release-windows-x86_64, r-oldrel-macos-arm64, r-oldrel-macos-x86_64, r-oldrel-windows-x86_64
These binaries (installable software) and packages are in development.
They may not be fully stable and should be used with caution. We make no claims about them.