Last updated on 2025-07-05 03:48:42 CEST.
Flavor | Version | Tinstall | Tcheck | Ttotal | Status | Flags |
---|---|---|---|---|---|---|
r-devel-linux-x86_64-debian-clang | 0.9-8 | 4.88 | 147.10 | 151.98 | NOTE | |
r-devel-linux-x86_64-debian-gcc | 0.9-8 | 4.13 | 94.60 | 98.73 | NOTE | |
r-devel-linux-x86_64-fedora-clang | 0.9-8 | 245.33 | OK | |||
r-devel-linux-x86_64-fedora-gcc | 0.9-8 | 254.61 | OK | |||
r-devel-windows-x86_64 | 0.9-8 | 11.00 | 217.00 | 228.00 | OK | |
r-patched-linux-x86_64 | 0.9-8 | 5.56 | 137.33 | 142.89 | OK | |
r-release-linux-x86_64 | 0.9-8 | 4.69 | 134.15 | 138.84 | OK | |
r-release-macos-arm64 | 0.9-8 | 88.00 | OK | |||
r-release-macos-x86_64 | 0.9-8 | 172.00 | OK | |||
r-release-windows-x86_64 | 0.9-8 | 10.00 | 220.00 | 230.00 | OK | |
r-oldrel-macos-arm64 | 0.9-8 | 82.00 | OK | |||
r-oldrel-macos-x86_64 | 0.9-8 | 167.00 | OK | |||
r-oldrel-windows-x86_64 | 0.9-8 | 11.00 | 237.00 | 248.00 | OK |
Version: 0.9-8
Check: CRAN incoming feasibility
Result: NOTE
Maintainer: ‘Charles J. Geyer <geyer@umn.edu>’
No Authors@R field in DESCRIPTION.
Please add one, modifying
Authors@R: c(person(given = c("Charles", "J."),
family = "Geyer",
role = c("aut", "cre"),
email = "geyer@umn.edu"),
person(given = c("Leif", "T."),
family = "Johnson",
role = "aut",
email = "ltjohnson@google.com"))
as necessary.
Flavors: r-devel-linux-x86_64-debian-clang, r-devel-linux-x86_64-debian-gcc
These binaries (installable software) and packages are in development.
They may not be fully stable and should be used with caution. We make no claims about them.