Last updated on 2025-05-01 17:56:08 CEST.
Flavor | Version | Tinstall | Tcheck | Ttotal | Status | Flags |
---|---|---|---|---|---|---|
r-devel-linux-x86_64-debian-clang | 0.9-8 | 4.73 | 144.08 | 148.81 | NOTE | |
r-devel-linux-x86_64-debian-gcc | 0.9-8 | 4.35 | 95.04 | 99.39 | NOTE | |
r-devel-linux-x86_64-fedora-clang | 0.9-8 | 243.38 | OK | |||
r-devel-linux-x86_64-fedora-gcc | 0.9-8 | 255.48 | OK | |||
r-devel-windows-x86_64 | 0.9-8 | 12.00 | 228.00 | 240.00 | OK | |
r-patched-linux-x86_64 | 0.9-8 | 4.84 | 135.28 | 140.12 | OK | |
r-release-linux-x86_64 | OK | |||||
r-release-macos-arm64 | 0.9-8 | 88.00 | OK | |||
r-release-macos-x86_64 | 0.9-8 | 172.00 | OK | |||
r-release-windows-x86_64 | 0.9-8 | 10.00 | 232.00 | 242.00 | OK | |
r-oldrel-macos-arm64 | 0.9-8 | 82.00 | OK | |||
r-oldrel-macos-x86_64 | 0.9-8 | 167.00 | OK | |||
r-oldrel-windows-x86_64 | 0.9-8 | 11.00 | 254.00 | 265.00 | OK |
Version: 0.9-8
Check: CRAN incoming feasibility
Result: NOTE
Maintainer: ‘Charles J. Geyer <geyer@umn.edu>’
No Authors@R field in DESCRIPTION.
Please add one, modifying
Authors@R: c(person(given = c("Charles", "J."),
family = "Geyer",
role = c("aut", "cre"),
email = "geyer@umn.edu"),
person(given = c("Leif", "T."),
family = "Johnson",
role = "aut",
email = "ltjohnson@google.com"))
as necessary.
Flavors: r-devel-linux-x86_64-debian-clang, r-devel-linux-x86_64-debian-gcc
These binaries (installable software) and packages are in development.
They may not be fully stable and should be used with caution. We make no claims about them.