Last updated on 2025-10-04 09:49:50 CEST.
Flavor | Version | Tinstall | Tcheck | Ttotal | Status | Flags |
---|---|---|---|---|---|---|
r-devel-linux-x86_64-debian-clang | 0.1.3 | 3.39 | 37.92 | 41.31 | NOTE | |
r-devel-linux-x86_64-debian-gcc | 0.1.3 | 2.34 | 28.83 | 31.17 | NOTE | |
r-devel-linux-x86_64-fedora-clang | 0.1.3 | 61.65 | OK | |||
r-devel-linux-x86_64-fedora-gcc | 0.1.3 | 60.21 | OK | |||
r-devel-windows-x86_64 | 0.1.3 | 4.00 | 70.00 | 74.00 | NOTE | |
r-patched-linux-x86_64 | 0.1.3 | 3.75 | 36.38 | 40.13 | NOTE | |
r-release-linux-x86_64 | 0.1.3 | 3.07 | 36.50 | 39.57 | NOTE | |
r-release-macos-arm64 | 0.1.3 | 25.00 | OK | |||
r-release-macos-x86_64 | 0.1.3 | 42.00 | OK | |||
r-release-windows-x86_64 | 0.1.3 | 4.00 | 68.00 | 72.00 | NOTE | |
r-oldrel-macos-arm64 | 0.1.3 | 22.00 | OK | |||
r-oldrel-macos-x86_64 | 0.1.3 | 40.00 | OK | |||
r-oldrel-windows-x86_64 | 0.1.3 | 6.00 | 71.00 | 77.00 | OK |
Version: 0.1.3
Check: Rd cross-references
Result: NOTE
Found the following Rd file(s) with Rd \link{} targets missing package
anchors:
method_plot.Rd: hdi
Please provide package anchors for all Rd \link{} targets not in the
package itself and the base packages.
Flavors: r-devel-linux-x86_64-debian-clang, r-devel-linux-x86_64-debian-gcc, r-devel-windows-x86_64, r-patched-linux-x86_64, r-release-linux-x86_64, r-release-windows-x86_64
These binaries (installable software) and packages are in development.
They may not be fully stable and should be used with caution. We make no claims about them.