Last updated on 2025-02-16 08:50:54 CET.
Flavor | Version | Tinstall | Tcheck | Ttotal | Status | Flags |
---|---|---|---|---|---|---|
r-devel-linux-x86_64-debian-clang | 0.4.3 | 3.38 | 36.55 | 39.93 | NOTE | |
r-devel-linux-x86_64-debian-gcc | 0.4.3 | 2.48 | 27.43 | 29.91 | NOTE | |
r-devel-linux-x86_64-fedora-clang | 0.4.3 | 64.77 | OK | |||
r-devel-linux-x86_64-fedora-gcc | 0.4.3 | 60.22 | OK | |||
r-devel-macos-arm64 | 0.4.3 | 22.00 | OK | |||
r-devel-macos-x86_64 | 0.4.3 | 42.00 | OK | |||
r-devel-windows-x86_64 | 0.4.3 | 5.00 | 74.00 | 79.00 | NOTE | |
r-patched-linux-x86_64 | 0.4.3 | 4.98 | 33.92 | 38.90 | NOTE | |
r-release-linux-x86_64 | 0.4.3 | 2.70 | 34.93 | 37.63 | NOTE | |
r-release-macos-arm64 | 0.4.3 | 22.00 | NOTE | |||
r-release-macos-x86_64 | 0.4.3 | 32.00 | NOTE | |||
r-release-windows-x86_64 | 0.4.3 | 4.00 | 69.00 | 73.00 | NOTE | |
r-oldrel-macos-arm64 | 0.4.3 | 23.00 | NOTE | |||
r-oldrel-macos-x86_64 | 0.4.3 | 33.00 | NOTE | |||
r-oldrel-windows-x86_64 | 0.4.3 | 5.00 | 81.00 | 86.00 | NOTE |
Version: 0.4.3
Check: Rd cross-references
Result: NOTE
Found the following Rd file(s) with Rd \link{} targets missing package
anchors:
caterplot.Rd: denstrip
Please provide package anchors for all Rd \link{} targets not in the
package itself and the base packages.
Flavors: r-devel-linux-x86_64-debian-clang, r-devel-linux-x86_64-debian-gcc, r-devel-windows-x86_64
Version: 0.4.3
Check: LazyData
Result: NOTE
'LazyData' is specified without a 'data' directory
Flavors: r-patched-linux-x86_64, r-release-linux-x86_64, r-release-macos-arm64, r-release-macos-x86_64, r-release-windows-x86_64, r-oldrel-macos-arm64, r-oldrel-macos-x86_64, r-oldrel-windows-x86_64
These binaries (installable software) and packages are in development.
They may not be fully stable and should be used with caution. We make no claims about them.