Last updated on 2025-11-13 09:50:52 CET.
| Flavor | Version | Tinstall | Tcheck | Ttotal | Status | Flags |
|---|---|---|---|---|---|---|
| r-devel-linux-x86_64-debian-clang | 0.8.0 | 95.30 | 392.71 | 488.01 | OK | |
| r-devel-linux-x86_64-debian-gcc | 0.8.0 | 68.24 | 289.85 | 358.09 | OK | |
| r-devel-linux-x86_64-fedora-clang | 0.8.0 | 173.00 | 617.71 | 790.71 | OK | |
| r-devel-linux-x86_64-fedora-gcc | 0.8.0 | 181.00 | 602.08 | 783.08 | OK | |
| r-devel-windows-x86_64 | 0.8.0 | 101.00 | 397.00 | 498.00 | OK | |
| r-patched-linux-x86_64 | 0.8.0 | 96.18 | 376.59 | 472.77 | OK | |
| r-release-linux-x86_64 | 0.8.0 | 101.64 | 378.33 | 479.97 | OK | |
| r-release-macos-arm64 | 0.8.0 | 39.00 | 171.00 | 210.00 | OK | |
| r-release-macos-x86_64 | 0.8.0 | 68.00 | 425.00 | 493.00 | OK | |
| r-release-windows-x86_64 | 0.8.0 | 104.00 | 397.00 | 501.00 | OK | |
| r-oldrel-macos-arm64 | 0.8.0 | 41.00 | 180.00 | 221.00 | NOTE | |
| r-oldrel-macos-x86_64 | 0.8.0 | 75.00 | 402.00 | 477.00 | NOTE | |
| r-oldrel-windows-x86_64 | 0.8.0 | 125.00 | 540.00 | 665.00 | OK |
Version: 0.8.0
Check: installed package size
Result: NOTE
installed size is 22.3Mb
sub-directories of 1Mb or more:
R 2.0Mb
libs 19.8Mb
Flavors: r-oldrel-macos-arm64, r-oldrel-macos-x86_64
These binaries (installable software) and packages are in development.
They may not be fully stable and should be used with caution. We make no claims about them.