Last updated on 2025-11-11 15:50:38 CET.
| Flavor | Version | Tinstall | Tcheck | Ttotal | Status | Flags |
|---|---|---|---|---|---|---|
| r-devel-linux-x86_64-debian-clang | 1.0.0 | 7.77 | 64.45 | 72.22 | NOTE | |
| r-devel-linux-x86_64-debian-gcc | 1.0.0 | 5.26 | 48.07 | 53.33 | NOTE | |
| r-devel-linux-x86_64-fedora-clang | 1.0.0 | 16.00 | 93.34 | 109.34 | OK | |
| r-devel-linux-x86_64-fedora-gcc | 1.0.0 | 17.00 | 88.39 | 105.39 | OK | |
| r-devel-windows-x86_64 | 1.0.0 | 9.00 | 69.00 | 78.00 | OK | |
| r-patched-linux-x86_64 | 1.0.0 | 7.24 | 61.80 | 69.04 | OK | |
| r-release-linux-x86_64 | 1.0.0 | 7.10 | 61.48 | 68.58 | OK | |
| r-release-macos-arm64 | 1.0.0 | 4.00 | 33.00 | 37.00 | OK | |
| r-release-macos-x86_64 | 1.0.0 | 10.00 | 59.00 | 69.00 | OK | |
| r-release-windows-x86_64 | 1.0.0 | 8.00 | 69.00 | 77.00 | OK | |
| r-oldrel-macos-arm64 | 1.0.0 | 4.00 | 30.00 | 34.00 | OK | |
| r-oldrel-macos-x86_64 | 1.0.0 | 6.00 | 43.00 | 49.00 | OK | |
| r-oldrel-windows-x86_64 | 1.0.0 | 10.00 | 80.00 | 90.00 | OK |
Version: 1.0.0
Check: CRAN incoming feasibility
Result: NOTE
Maintainer: ‘Zhengyang Zhou <zhengyang.zhou@unthsc.edu>’
No Authors@R field in DESCRIPTION.
Please add one, modifying
Authors@R: person(given = "Zhengyang",
family = "Zhou",
role = c("aut", "cre"),
email = "zhengyang.zhou@unthsc.edu")
as necessary.
Flavors: r-devel-linux-x86_64-debian-clang, r-devel-linux-x86_64-debian-gcc
These binaries (installable software) and packages are in development.
They may not be fully stable and should be used with caution. We make no claims about them.