CRAN Package Check Results for Package mcparallelDo

Last updated on 2025-11-13 15:51:16 CET.

Flavor Version Tinstall Tcheck Ttotal Status Flags
r-devel-linux-x86_64-debian-clang 1.1.0 2.70 24.43 27.13 NOTE
r-devel-linux-x86_64-debian-gcc 1.1.0 2.34 20.93 23.27 NOTE
r-devel-linux-x86_64-fedora-clang 1.1.0 40.97 OK
r-devel-linux-x86_64-fedora-gcc 1.1.0 39.10 OK
r-devel-windows-x86_64 1.1.0 5.00 54.00 59.00 OK
r-patched-linux-x86_64 1.1.0 2.95 23.44 26.39 OK
r-release-linux-x86_64 1.1.0 2.41 23.65 26.06 OK
r-release-macos-arm64 1.1.0 2.00 23.00 25.00 OK
r-release-macos-x86_64 1.1.0 2.00 31.00 33.00 OK
r-release-windows-x86_64 1.1.0 4.00 55.00 59.00 OK
r-oldrel-macos-arm64 1.1.0 2.00 22.00 24.00 OK
r-oldrel-macos-x86_64 1.1.0 2.00 28.00 30.00 OK
r-oldrel-windows-x86_64 1.1.0 5.00 61.00 66.00 OK

Check Details

Version: 1.1.0
Check: CRAN incoming feasibility
Result: NOTE Maintainer: ‘Russell S. Pierce <russell.s.pierce@gmail.com>’ No Authors@R field in DESCRIPTION. Please add one, modifying Authors@R: person(given = c("Russell", "S."), family = "Pierce", role = c("aut", "cre"), email = "russell.s.pierce@gmail.com") as necessary. Flavors: r-devel-linux-x86_64-debian-clang, r-devel-linux-x86_64-debian-gcc

These binaries (installable software) and packages are in development.
They may not be fully stable and should be used with caution. We make no claims about them.