Last updated on 2025-10-23 21:51:32 CEST.
Flavor | Version | Tinstall | Tcheck | Ttotal | Status | Flags |
---|---|---|---|---|---|---|
r-devel-linux-x86_64-debian-clang | 1.0-1 | 6.68 | 89.79 | 96.47 | NOTE | |
r-devel-linux-x86_64-debian-gcc | 1.0-1 | 4.27 | 64.94 | 69.21 | NOTE | |
r-devel-linux-x86_64-fedora-clang | 1.0-1 | 38.00 | 124.39 | 162.39 | OK | |
r-devel-linux-x86_64-fedora-gcc | 1.0-1 | 27.00 | 142.23 | 169.23 | OK | |
r-devel-windows-x86_64 | 1.0-1 | 8.00 | 95.00 | 103.00 | OK | |
r-patched-linux-x86_64 | 1.0-1 | 5.98 | 85.00 | 90.98 | OK | |
r-release-linux-x86_64 | 1.0-1 | 6.02 | 85.79 | 91.81 | OK | |
r-release-macos-arm64 | 1.0-1 | 4.00 | 84.00 | 88.00 | OK | |
r-release-macos-x86_64 | 1.0-1 | 5.00 | 71.00 | 76.00 | OK | |
r-release-windows-x86_64 | 1.0-1 | 8.00 | 95.00 | 103.00 | OK | |
r-oldrel-macos-arm64 | 1.0-1 | 3.00 | 38.00 | 41.00 | OK | |
r-oldrel-macos-x86_64 | 1.0-1 | 4.00 | 58.00 | 62.00 | OK | |
r-oldrel-windows-x86_64 | 1.0-1 | 11.00 | 122.00 | 133.00 | OK |
Version: 1.0-1
Check: CRAN incoming feasibility
Result: NOTE
Maintainer: ‘Daniel Gerhard <00gerhard@gmail.com>’
Package CITATION file contains call(s) to old-style citEntry(). Please
use bibentry() instead.
Flavors: r-devel-linux-x86_64-debian-clang, r-devel-linux-x86_64-debian-gcc
These binaries (installable software) and packages are in development.
They may not be fully stable and should be used with caution. We make no claims about them.