Last updated on 2025-11-13 07:50:57 CET.
| Flavor | Version | Tinstall | Tcheck | Ttotal | Status | Flags |
|---|---|---|---|---|---|---|
| r-devel-linux-x86_64-debian-clang | 1.0-1 | 6.14 | 90.24 | 96.38 | NOTE | |
| r-devel-linux-x86_64-debian-gcc | 1.0-1 | 4.65 | 63.81 | 68.46 | NOTE | |
| r-devel-linux-x86_64-fedora-clang | 1.0-1 | 13.00 | 136.37 | 149.37 | OK | |
| r-devel-linux-x86_64-fedora-gcc | 1.0-1 | 13.00 | 140.91 | 153.91 | OK | |
| r-devel-windows-x86_64 | 1.0-1 | 8.00 | 94.00 | 102.00 | OK | |
| r-patched-linux-x86_64 | 1.0-1 | 6.18 | 85.02 | 91.20 | OK | |
| r-release-linux-x86_64 | 1.0-1 | 5.43 | 85.08 | 90.51 | OK | |
| r-release-macos-arm64 | 1.0-1 | 4.00 | 84.00 | 88.00 | OK | |
| r-release-macos-x86_64 | 1.0-1 | 5.00 | 71.00 | 76.00 | OK | |
| r-release-windows-x86_64 | 1.0-1 | 9.00 | 95.00 | 104.00 | OK | |
| r-oldrel-macos-arm64 | 1.0-1 | 3.00 | 38.00 | 41.00 | OK | |
| r-oldrel-macos-x86_64 | 1.0-1 | 4.00 | 58.00 | 62.00 | OK | |
| r-oldrel-windows-x86_64 | 1.0-1 | 11.00 | 118.00 | 129.00 | OK |
Version: 1.0-1
Check: CRAN incoming feasibility
Result: NOTE
Maintainer: ‘Daniel Gerhard <00gerhard@gmail.com>’
Package CITATION file contains call(s) to old-style citEntry(). Please
use bibentry() instead.
Flavors: r-devel-linux-x86_64-debian-clang, r-devel-linux-x86_64-debian-gcc
These binaries (installable software) and packages are in development.
They may not be fully stable and should be used with caution. We make no claims about them.