Last updated on 2025-07-26 07:50:27 CEST.
Flavor | Version | Tinstall | Tcheck | Ttotal | Status | Flags |
---|---|---|---|---|---|---|
r-devel-linux-x86_64-debian-clang | 1.0-1 | 4.96 | 77.34 | 82.30 | NOTE | |
r-devel-linux-x86_64-debian-gcc | 1.0-1 | 3.74 | 55.73 | 59.47 | NOTE | |
r-devel-linux-x86_64-fedora-clang | 1.0-1 | 128.88 | OK | |||
r-devel-linux-x86_64-fedora-gcc | 1.0-1 | 142.32 | OK | |||
r-devel-windows-x86_64 | 1.0-1 | 7.00 | 93.00 | 100.00 | OK | |
r-patched-linux-x86_64 | 1.0-1 | 6.23 | 71.90 | 78.13 | OK | |
r-release-linux-x86_64 | 1.0-1 | 5.80 | 72.55 | 78.35 | OK | |
r-release-macos-arm64 | 1.0-1 | 88.00 | OK | |||
r-release-macos-x86_64 | 1.0-1 | 76.00 | OK | |||
r-release-windows-x86_64 | 1.0-1 | 9.00 | 88.00 | 97.00 | OK | |
r-oldrel-macos-arm64 | 1.0-1 | 41.00 | OK | |||
r-oldrel-macos-x86_64 | 1.0-1 | 62.00 | OK | |||
r-oldrel-windows-x86_64 | 1.0-1 | 10.00 | 111.00 | 121.00 | OK |
Version: 1.0-1
Check: CRAN incoming feasibility
Result: NOTE
Maintainer: ‘Daniel Gerhard <00gerhard@gmail.com>’
Package CITATION file contains call(s) to old-style citEntry(). Please
use bibentry() instead.
Flavors: r-devel-linux-x86_64-debian-clang, r-devel-linux-x86_64-debian-gcc
These binaries (installable software) and packages are in development.
They may not be fully stable and should be used with caution. We make no claims about them.