Last updated on 2025-02-16 08:50:54 CET.
Flavor | Version | Tinstall | Tcheck | Ttotal | Status | Flags |
---|---|---|---|---|---|---|
r-devel-linux-x86_64-debian-clang | 1.0.8 | 5.73 | 69.57 | 75.30 | NOTE | |
r-devel-linux-x86_64-debian-gcc | 1.0.8 | 4.73 | 49.37 | 54.10 | NOTE | |
r-devel-linux-x86_64-fedora-clang | 1.0.8 | 129.25 | NOTE | |||
r-devel-linux-x86_64-fedora-gcc | 1.0.8 | 126.97 | NOTE | |||
r-devel-macos-arm64 | 1.0.8 | 45.00 | NOTE | |||
r-devel-macos-x86_64 | 1.0.8 | 76.00 | NOTE | |||
r-devel-windows-x86_64 | 1.0.8 | 9.00 | 80.00 | 89.00 | NOTE | |
r-patched-linux-x86_64 | 1.0.8 | 6.20 | 64.86 | 71.06 | NOTE | |
r-release-linux-x86_64 | 1.0.8 | 5.81 | 66.02 | 71.83 | NOTE | |
r-release-macos-arm64 | 1.0.8 | 41.00 | NOTE | |||
r-release-macos-x86_64 | 1.0.8 | 62.00 | NOTE | |||
r-release-windows-x86_64 | 1.0.8 | 8.00 | 84.00 | 92.00 | NOTE | |
r-oldrel-macos-arm64 | 1.0.8 | 43.00 | OK | |||
r-oldrel-macos-x86_64 | 1.0.8 | 73.00 | OK | |||
r-oldrel-windows-x86_64 | 1.0.8 | 11.00 | 95.00 | 106.00 | OK |
Version: 1.0.8
Check: Rd files
Result: NOTE
checkRd: (-1) mcvis.Rd:32: Lost braces in \itemize; \value handles \item{}{} directly
checkRd: (-1) mcvis.Rd:33: Lost braces in \itemize; \value handles \item{}{} directly
checkRd: (-1) mcvis.Rd:34: Lost braces in \itemize; \value handles \item{}{} directly
Flavors: r-devel-linux-x86_64-debian-clang, r-devel-linux-x86_64-debian-gcc, r-devel-linux-x86_64-fedora-clang, r-devel-linux-x86_64-fedora-gcc, r-devel-macos-arm64, r-devel-macos-x86_64, r-devel-windows-x86_64, r-patched-linux-x86_64, r-release-linux-x86_64, r-release-macos-arm64, r-release-macos-x86_64, r-release-windows-x86_64
These binaries (installable software) and packages are in development.
They may not be fully stable and should be used with caution. We make no claims about them.