CRAN Package Check Results for Package mcvis

Last updated on 2025-07-24 01:50:25 CEST.

Flavor Version Tinstall Tcheck Ttotal Status Flags
r-devel-linux-x86_64-debian-clang 1.0.8 6.97 75.76 82.73 NOTE
r-devel-linux-x86_64-debian-gcc 1.0.8 4.72 55.31 60.03 NOTE
r-devel-linux-x86_64-fedora-clang 1.0.8 131.07 NOTE
r-devel-linux-x86_64-fedora-gcc 1.0.8 143.24 NOTE
r-devel-windows-x86_64 1.0.8 9.00 85.00 94.00 NOTE
r-patched-linux-x86_64 1.0.8 5.29 71.53 76.82 NOTE
r-release-linux-x86_64 1.0.8 6.56 71.10 77.66 NOTE
r-release-macos-arm64 1.0.8 84.00 NOTE
r-release-macos-x86_64 1.0.8 80.00 NOTE
r-release-windows-x86_64 1.0.8 10.00 85.00 95.00 NOTE
r-oldrel-macos-arm64 1.0.8 41.00 NOTE
r-oldrel-macos-x86_64 1.0.8 62.00 NOTE
r-oldrel-windows-x86_64 1.0.8 11.00 103.00 114.00 NOTE

Check Details

Version: 1.0.8
Check: Rd files
Result: NOTE checkRd: (-1) mcvis.Rd:32: Lost braces in \itemize; \value handles \item{}{} directly checkRd: (-1) mcvis.Rd:33: Lost braces in \itemize; \value handles \item{}{} directly checkRd: (-1) mcvis.Rd:34: Lost braces in \itemize; \value handles \item{}{} directly Flavors: r-devel-linux-x86_64-debian-clang, r-devel-linux-x86_64-debian-gcc, r-devel-linux-x86_64-fedora-clang, r-devel-linux-x86_64-fedora-gcc, r-devel-windows-x86_64, r-patched-linux-x86_64, r-release-linux-x86_64, r-release-macos-arm64, r-release-macos-x86_64, r-release-windows-x86_64, r-oldrel-macos-arm64, r-oldrel-macos-x86_64, r-oldrel-windows-x86_64

These binaries (installable software) and packages are in development.
They may not be fully stable and should be used with caution. We make no claims about them.