CRAN Package Check Results for Package md

Last updated on 2025-02-16 08:50:54 CET.

Flavor Version Tinstall Tcheck Ttotal Status Flags
r-devel-linux-x86_64-debian-clang 1.0.4 1.72 17.35 19.07 OK
r-devel-linux-x86_64-debian-gcc 1.0.4 1.35 14.44 15.79 OK
r-devel-linux-x86_64-fedora-clang 1.0.4 32.12 OK
r-devel-linux-x86_64-fedora-gcc 1.0.4 28.96 OK
r-devel-macos-arm64 1.0.4 14.00 OK
r-devel-macos-x86_64 1.0.4 22.00 OK
r-devel-windows-x86_64 1.0.4 2.00 40.00 42.00 OK
r-patched-linux-x86_64 1.0.4 1.79 16.54 18.33 NOTE
r-release-linux-x86_64 1.0.4 1.69 16.36 18.05 NOTE
r-release-macos-arm64 1.0.4 12.00 NOTE
r-release-macos-x86_64 1.0.4 20.00 NOTE
r-release-windows-x86_64 1.0.4 2.00 35.00 37.00 NOTE
r-oldrel-macos-arm64 1.0.4 16.00 NOTE
r-oldrel-macos-x86_64 1.0.4 18.00 NOTE
r-oldrel-windows-x86_64 1.0.4 5.00 36.00 41.00 NOTE

Check Details

Version: 1.0.4
Check: LazyData
Result: NOTE 'LazyData' is specified without a 'data' directory Flavors: r-patched-linux-x86_64, r-release-linux-x86_64, r-release-macos-arm64, r-release-macos-x86_64, r-release-windows-x86_64, r-oldrel-macos-arm64, r-oldrel-macos-x86_64, r-oldrel-windows-x86_64

These binaries (installable software) and packages are in development.
They may not be fully stable and should be used with caution. We make no claims about them.