CRAN Package Check Results for Package md

Last updated on 2025-05-08 04:52:10 CEST.

Flavor Version Tinstall Tcheck Ttotal Status Flags
r-devel-linux-x86_64-debian-clang 1.0.4 1.79 17.55 19.34 NOTE
r-devel-linux-x86_64-debian-gcc 1.0.4 1.33 14.72 16.05 NOTE
r-devel-linux-x86_64-fedora-clang 1.0.4 29.94 OK
r-devel-linux-x86_64-fedora-gcc 1.0.4 29.51 OK
r-devel-windows-x86_64 1.0.4 2.00 37.00 39.00 OK
r-patched-linux-x86_64 1.0.4 1.86 16.78 18.64 OK
r-release-linux-x86_64 1.0.4 1.64 17.20 18.84 OK
r-release-macos-arm64 1.0.4 14.00 OK
r-release-macos-x86_64 1.0.4 22.00 OK
r-release-windows-x86_64 1.0.4 2.00 40.00 42.00 OK
r-oldrel-macos-arm64 1.0.4 12.00 NOTE
r-oldrel-macos-x86_64 1.0.4 20.00 NOTE
r-oldrel-windows-x86_64 1.0.4 2.00 35.00 37.00 NOTE

Check Details

Version: 1.0.4
Check: CRAN incoming feasibility
Result: NOTE Maintainer: ‘Genzo Kaga <genzo.k-1321@ruri.waseda.jp>’ No Authors@R field in DESCRIPTION. Please add one, modifying Authors@R: person(given = "Genzo", family = "Kaga", role = c("aut", "cre"), email = "genzo.k-1321@ruri.waseda.jp") as necessary. Flavors: r-devel-linux-x86_64-debian-clang, r-devel-linux-x86_64-debian-gcc

Version: 1.0.4
Check: LazyData
Result: NOTE 'LazyData' is specified without a 'data' directory Flavors: r-oldrel-macos-arm64, r-oldrel-macos-x86_64, r-oldrel-windows-x86_64

These binaries (installable software) and packages are in development.
They may not be fully stable and should be used with caution. We make no claims about them.