CRAN Package Check Results for Package md.log

Last updated on 2025-05-08 04:52:10 CEST.

Flavor Version Tinstall Tcheck Ttotal Status Flags
r-devel-linux-x86_64-debian-clang 0.2.0 1.65 18.50 20.15 NOTE
r-devel-linux-x86_64-debian-gcc 0.2.0 1.30 15.82 17.12 NOTE
r-devel-linux-x86_64-fedora-clang 0.2.0 30.34 OK
r-devel-linux-x86_64-fedora-gcc 0.2.0 28.49 OK
r-devel-windows-x86_64 0.2.0 3.00 45.00 48.00 OK
r-patched-linux-x86_64 0.2.0 1.76 16.63 18.39 OK
r-release-linux-x86_64 0.2.0 1.69 16.64 18.33 OK
r-release-macos-arm64 0.2.0 15.00 OK
r-release-macos-x86_64 0.2.0 23.00 OK
r-release-windows-x86_64 0.2.0 3.00 41.00 44.00 OK
r-oldrel-macos-arm64 0.2.0 14.00 OK
r-oldrel-macos-x86_64 0.2.0 21.00 OK
r-oldrel-windows-x86_64 0.2.0 4.00 41.00 45.00 OK

Check Details

Version: 0.2.0
Check: CRAN incoming feasibility
Result: NOTE Maintainer: ‘E. F. Haghish <haghish@uio.no>’ No Authors@R field in DESCRIPTION. Please add one, modifying Authors@R: person(given = c("E.", "F."), family = "Haghish", role = c("aut", "cre"), email = "haghish@uio.no") as necessary. Flavors: r-devel-linux-x86_64-debian-clang, r-devel-linux-x86_64-debian-gcc

These binaries (installable software) and packages are in development.
They may not be fully stable and should be used with caution. We make no claims about them.