Last updated on 2025-02-02 14:48:28 CET.
Flavor | Version | Tinstall | Tcheck | Ttotal | Status | Flags |
---|---|---|---|---|---|---|
r-devel-linux-x86_64-debian-clang | 2.2.1 | 22.63 | 59.33 | 81.96 | NOTE | |
r-devel-linux-x86_64-debian-gcc | 2.2.1 | 15.40 | 47.35 | 62.75 | NOTE | |
r-devel-linux-x86_64-fedora-clang | 2.2.1 | 178.08 | OK | |||
r-devel-linux-x86_64-fedora-gcc | 2.2.1 | 155.14 | OK | |||
r-devel-windows-x86_64 | 2.2.1 | 29.00 | 84.00 | 113.00 | NOTE | |
r-patched-linux-x86_64 | 2.2.1 | 21.54 | 57.25 | 78.79 | OK | |
r-release-linux-x86_64 | 2.2.1 | 20.35 | 57.59 | 77.94 | OK | |
r-release-macos-arm64 | 2.2.1 | 37.00 | OK | |||
r-release-macos-x86_64 | 2.2.1 | 52.00 | OK | |||
r-release-windows-x86_64 | 2.2.1 | 31.00 | 84.00 | 115.00 | OK | |
r-oldrel-macos-arm64 | 2.2.1 | 45.00 | OK | |||
r-oldrel-macos-x86_64 | 2.2.1 | 83.00 | OK | |||
r-oldrel-windows-x86_64 | 2.2.1 | 29.00 | 93.00 | 122.00 | OK |
Version: 2.2.1
Check: Rd cross-references
Result: NOTE
Found the following Rd file(s) with Rd \link{} targets missing package
anchors:
linkage.Rd: agnes
Please provide package anchors for all Rd \link{} targets not in the
package itself and the base packages.
Flavors: r-devel-linux-x86_64-debian-clang, r-devel-linux-x86_64-debian-gcc, r-devel-windows-x86_64
These binaries (installable software) and packages are in development.
They may not be fully stable and should be used with caution. We make no claims about them.