Last updated on 2025-02-23 07:52:00 CET.
Flavor | Version | Tinstall | Tcheck | Ttotal | Status | Flags |
---|---|---|---|---|---|---|
r-devel-linux-x86_64-debian-clang | 0.1.7 | 100.11 | 67.65 | 167.76 | NOTE | |
r-devel-linux-x86_64-debian-gcc | 0.1.7 | 75.75 | 49.05 | 124.80 | NOTE | |
r-devel-linux-x86_64-fedora-clang | 0.1.7 | 319.95 | NOTE | |||
r-devel-linux-x86_64-fedora-gcc | 0.1.7 | 351.15 | NOTE | |||
r-devel-macos-arm64 | 0.1.7 | 76.00 | NOTE | |||
r-devel-macos-x86_64 | 0.1.7 | 103.00 | NOTE | |||
r-devel-windows-x86_64 | 0.1.7 | 114.00 | 116.00 | 230.00 | NOTE | |
r-patched-linux-x86_64 | 0.1.7 | 107.84 | 63.51 | 171.35 | NOTE | |
r-release-linux-x86_64 | 0.1.7 | 111.73 | 62.86 | 174.59 | NOTE | |
r-release-macos-arm64 | 0.1.7 | 80.00 | NOTE | |||
r-release-macos-x86_64 | 0.1.7 | 83.00 | NOTE | |||
r-release-windows-x86_64 | 0.1.7 | 117.00 | 114.00 | 231.00 | NOTE | |
r-oldrel-macos-arm64 | 0.1.7 | 90.00 | NOTE | |||
r-oldrel-macos-x86_64 | 0.1.7 | 127.00 | NOTE | |||
r-oldrel-windows-x86_64 | 0.1.7 | 137.00 | 136.00 | 273.00 | OK |
Version: 0.1.7
Check: Rd files
Result: NOTE
checkRd: (-1) get_mdgc.Rd:34: Lost braces in \itemize; meant \describe ?
checkRd: (-1) get_mdgc.Rd:35: Lost braces in \itemize; meant \describe ?
checkRd: (-1) get_mdgc.Rd:36: Lost braces in \itemize; meant \describe ?
checkRd: (-1) get_mdgc.Rd:37: Lost braces in \itemize; meant \describe ?
Flavors: r-devel-linux-x86_64-debian-clang, r-devel-linux-x86_64-debian-gcc, r-devel-linux-x86_64-fedora-clang, r-devel-linux-x86_64-fedora-gcc, r-devel-macos-arm64, r-devel-macos-x86_64, r-devel-windows-x86_64, r-patched-linux-x86_64, r-release-linux-x86_64, r-release-macos-arm64, r-release-macos-x86_64, r-release-windows-x86_64
Version: 0.1.7
Check: installed package size
Result: NOTE
installed size is 10.7Mb
sub-directories of 1Mb or more:
libs 10.3Mb
Flavors: r-release-macos-arm64, r-release-macos-x86_64, r-oldrel-macos-arm64, r-oldrel-macos-x86_64
These binaries (installable software) and packages are in development.
They may not be fully stable and should be used with caution. We make no claims about them.