CRAN Package Check Results for Package mdir.logrank

Last updated on 2025-02-16 08:50:54 CET.

Flavor Version Tinstall Tcheck Ttotal Status Flags
r-devel-linux-x86_64-debian-clang 0.0.4 2.29 26.62 28.91 OK
r-devel-linux-x86_64-debian-gcc 0.0.4 1.87 20.19 22.06 OK
r-devel-linux-x86_64-fedora-clang 0.0.4 52.09 OK
r-devel-linux-x86_64-fedora-gcc 0.0.4 47.29 OK
r-devel-macos-arm64 0.0.4 16.00 OK
r-devel-macos-x86_64 0.0.4 31.00 OK
r-devel-windows-x86_64 0.0.4 3.00 46.00 49.00 OK
r-patched-linux-x86_64 0.0.4 3.04 24.79 27.83 NOTE
r-release-linux-x86_64 0.0.4 2.65 25.12 27.77 NOTE
r-release-macos-arm64 0.0.4 18.00 NOTE
r-release-macos-x86_64 0.0.4 25.00 NOTE
r-release-windows-x86_64 0.0.4 4.00 48.00 52.00 NOTE
r-oldrel-macos-arm64 0.0.4 19.00 NOTE
r-oldrel-macos-x86_64 0.0.4 26.00 NOTE
r-oldrel-windows-x86_64 0.0.4 3.00 57.00 60.00 NOTE

Check Details

Version: 0.0.4
Check: package dependencies
Result: NOTE Package suggested but not available for checking: ‘RGtk2’ Flavors: r-patched-linux-x86_64, r-release-linux-x86_64, r-release-macos-arm64, r-release-macos-x86_64, r-release-windows-x86_64, r-oldrel-macos-arm64, r-oldrel-macos-x86_64, r-oldrel-windows-x86_64

Version: 0.0.4
Check: LazyData
Result: NOTE 'LazyData' is specified without a 'data' directory Flavors: r-patched-linux-x86_64, r-release-linux-x86_64, r-release-macos-arm64, r-release-macos-x86_64, r-release-windows-x86_64, r-oldrel-macos-arm64, r-oldrel-macos-x86_64, r-oldrel-windows-x86_64

These binaries (installable software) and packages are in development.
They may not be fully stable and should be used with caution. We make no claims about them.