Last updated on 2025-10-24 01:50:31 CEST.
| Flavor | Version | Tinstall | Tcheck | Ttotal | Status | Flags |
|---|---|---|---|---|---|---|
| r-devel-linux-x86_64-debian-clang | 1.9-22 | 56.28 | 119.78 | 176.06 | NOTE | |
| r-devel-linux-x86_64-debian-gcc | 1.9-22 | 35.37 | 84.50 | 119.87 | NOTE | |
| r-devel-linux-x86_64-fedora-clang | 1.9-22 | 177.00 | 128.41 | 305.41 | OK | |
| r-devel-linux-x86_64-fedora-gcc | 1.9-22 | 77.00 | 189.63 | 266.63 | OK | |
| r-devel-windows-x86_64 | 1.9-22 | 66.00 | 129.00 | 195.00 | OK | |
| r-patched-linux-x86_64 | 1.9-22 | 55.05 | 112.68 | 167.73 | OK | |
| r-release-linux-x86_64 | 1.9-22 | 52.73 | 112.24 | 164.97 | OK | |
| r-release-macos-arm64 | 1.9-22 | 19.00 | 46.00 | 65.00 | OK | |
| r-release-macos-x86_64 | 1.9-22 | 28.00 | 110.00 | 138.00 | OK | |
| r-release-windows-x86_64 | 1.9-22 | 67.00 | 135.00 | 202.00 | OK | |
| r-oldrel-macos-arm64 | 1.9-22 | 24.00 | 53.00 | 77.00 | OK | |
| r-oldrel-macos-x86_64 | 1.9-22 | 39.00 | 104.00 | 143.00 | OK | |
| r-oldrel-windows-x86_64 | 1.9-22 | 80.00 | 168.00 | 248.00 | OK |
Version: 1.9-22
Check: CRAN incoming feasibility
Result: NOTE
Maintainer: ‘Alexander Robitzsch <robitzsch@ipn.uni-kiel.de>’
No Authors@R field in DESCRIPTION.
Please add one, modifying
Authors@R: c(person(given = "Alexander",
family = "Robitzsch",
role = c("aut", "cre"),
email = "robitzsch@ipn.uni-kiel.de"),
person(given = "Oliver",
family = "Luedtke",
role = "aut"))
as necessary.
Flavors: r-devel-linux-x86_64-debian-clang, r-devel-linux-x86_64-debian-gcc
These binaries (installable software) and packages are in development.
They may not be fully stable and should be used with caution. We make no claims about them.