Last updated on 2025-05-01 08:52:38 CEST.
Flavor | Version | Tinstall | Tcheck | Ttotal | Status | Flags |
---|---|---|---|---|---|---|
r-devel-linux-x86_64-debian-clang | 1.9-22 | 53.09 | 119.63 | 172.72 | NOTE | |
r-devel-linux-x86_64-debian-gcc | 1.9-22 | 37.29 | 85.50 | 122.79 | NOTE | |
r-devel-linux-x86_64-fedora-clang | 1.9-22 | 315.93 | OK | |||
r-devel-linux-x86_64-fedora-gcc | 1.9-22 | 277.47 | OK | |||
r-devel-windows-x86_64 | 1.9-22 | 66.00 | 138.00 | 204.00 | OK | |
r-patched-linux-x86_64 | 1.9-22 | 54.97 | 111.04 | 166.01 | OK | |
r-release-linux-x86_64 | OK | |||||
r-release-macos-arm64 | 1.9-22 | 65.00 | OK | |||
r-release-macos-x86_64 | 1.9-22 | 138.00 | OK | |||
r-release-windows-x86_64 | 1.9-22 | 66.00 | 142.00 | 208.00 | OK | |
r-oldrel-macos-arm64 | 1.9-22 | 77.00 | OK | |||
r-oldrel-macos-x86_64 | 1.9-22 | 143.00 | OK | |||
r-oldrel-windows-x86_64 | 1.9-22 | 76.00 | 170.00 | 246.00 | OK |
Version: 1.9-22
Check: CRAN incoming feasibility
Result: NOTE
Maintainer: ‘Alexander Robitzsch <robitzsch@ipn.uni-kiel.de>’
No Authors@R field in DESCRIPTION.
Please add one, modifying
Authors@R: c(person(given = "Alexander",
family = "Robitzsch",
role = c("aut", "cre"),
email = "robitzsch@ipn.uni-kiel.de"),
person(given = "Oliver",
family = "Luedtke",
role = "aut"))
as necessary.
Flavors: r-devel-linux-x86_64-debian-clang, r-devel-linux-x86_64-debian-gcc
These binaries (installable software) and packages are in development.
They may not be fully stable and should be used with caution. We make no claims about them.