Last updated on 2025-02-19 16:50:55 CET.
Flavor | Version | Tinstall | Tcheck | Ttotal | Status | Flags |
---|---|---|---|---|---|---|
r-devel-linux-x86_64-debian-clang | 0.7-6 | 23.25 | 179.69 | 202.94 | NOTE | |
r-devel-linux-x86_64-debian-gcc | 0.7-6 | 16.76 | 141.08 | 157.84 | NOTE | |
r-devel-linux-x86_64-fedora-clang | 0.7-6 | 316.44 | OK | |||
r-devel-linux-x86_64-fedora-gcc | 0.7-6 | 357.32 | OK | |||
r-devel-macos-arm64 | 0.7-6 | 96.00 | OK | |||
r-devel-macos-x86_64 | 0.7-6 | 176.00 | OK | |||
r-devel-windows-x86_64 | 0.7-6 | 24.00 | 197.00 | 221.00 | NOTE | |
r-patched-linux-x86_64 | 0.7-6 | 26.85 | 167.98 | 194.83 | OK | |
r-release-linux-x86_64 | 0.7-6 | 22.23 | 169.14 | 191.37 | OK | |
r-release-macos-arm64 | 0.7-6 | 92.00 | OK | |||
r-release-macos-x86_64 | 0.7-6 | 138.00 | OK | |||
r-release-windows-x86_64 | 0.7-6 | 23.00 | 195.00 | 218.00 | OK | |
r-oldrel-macos-arm64 | 0.7-6 | 64.00 | OK | |||
r-oldrel-macos-x86_64 | 0.7-6 | 116.00 | OK | |||
r-oldrel-windows-x86_64 | 0.7-6 | 30.00 | 226.00 | 256.00 | OK |
Version: 0.7-6
Check: Rd cross-references
Result: NOTE
Found the following Rd file(s) with Rd \link{} targets missing package
anchors:
findOptimalSmacofSym.rd: data.Normalization, dist.GDM, smacofSym
optSmacofSymInterval.rd: data.Normalization, interval_normalization,
dist.Symbolic, smacofSym
optSmacofSym_mMDS.rd: data.Normalization, dist.GDM, smacofSym
optSmacofSym_nMDS.rd: data.Normalization, dist.GDM, smacofSym
rotation2dAnimation.rd: ani.options, im.convert, saveGIF, saveHTML,
saveLatex, saveSWF
Please provide package anchors for all Rd \link{} targets not in the
package itself and the base packages.
Flavors: r-devel-linux-x86_64-debian-clang, r-devel-linux-x86_64-debian-gcc, r-devel-windows-x86_64
These binaries (installable software) and packages are in development.
They may not be fully stable and should be used with caution. We make no claims about them.