Last updated on 2025-05-01 14:49:14 CEST.
Flavor | Version | Tinstall | Tcheck | Ttotal | Status | Flags |
---|---|---|---|---|---|---|
r-devel-linux-x86_64-debian-clang | 0.1-3 | 1.87 | 21.62 | 23.49 | NOTE | |
r-devel-linux-x86_64-debian-gcc | 0.1-3 | 1.62 | 19.09 | 20.71 | NOTE | |
r-devel-linux-x86_64-fedora-clang | 0.1-3 | 37.21 | OK | |||
r-devel-linux-x86_64-fedora-gcc | 0.1-3 | 36.20 | OK | |||
r-devel-windows-x86_64 | 0.1-3 | 3.00 | 51.00 | 54.00 | OK | |
r-patched-linux-x86_64 | 0.1-3 | 2.11 | 21.02 | 23.13 | OK | |
r-release-linux-x86_64 | OK | |||||
r-release-macos-arm64 | 0.1-3 | 22.00 | OK | |||
r-release-macos-x86_64 | 0.1-3 | 28.00 | OK | |||
r-release-windows-x86_64 | 0.1-3 | 3.00 | 52.00 | 55.00 | OK | |
r-oldrel-macos-arm64 | 0.1-3 | 16.00 | OK | |||
r-oldrel-macos-x86_64 | 0.1-3 | 25.00 | OK | |||
r-oldrel-windows-x86_64 | 0.1-3 | 3.00 | 50.00 | 53.00 | OK |
Version: 0.1-3
Check: CRAN incoming feasibility
Result: NOTE
Maintainer: ‘Antonio Hermes M. da Silva-Junior <hermes@ccet.ufrn.br>’
Package CITATION file contains call(s) to old-style citEntry(). Please
use bibentry() instead.
Flavors: r-devel-linux-x86_64-debian-clang, r-devel-linux-x86_64-debian-gcc
These binaries (installable software) and packages are in development.
They may not be fully stable and should be used with caution. We make no claims about them.