Last updated on 2025-10-27 01:52:44 CET.
| Flavor | Version | Tinstall | Tcheck | Ttotal | Status | Flags |
|---|---|---|---|---|---|---|
| r-devel-linux-x86_64-debian-clang | 0.1-3 | 2.18 | 23.60 | 25.78 | NOTE | |
| r-devel-linux-x86_64-debian-gcc | 0.1-3 | 1.65 | 20.14 | 21.79 | NOTE | |
| r-devel-linux-x86_64-fedora-clang | 0.1-3 | 38.03 | OK | |||
| r-devel-linux-x86_64-fedora-gcc | 0.1-3 | 36.23 | OK | |||
| r-devel-windows-x86_64 | 0.1-3 | 3.00 | 47.00 | 50.00 | OK | |
| r-patched-linux-x86_64 | 0.1-3 | 2.06 | 22.99 | 25.05 | OK | |
| r-release-linux-x86_64 | 0.1-3 | 1.60 | 22.80 | 24.40 | OK | |
| r-release-macos-arm64 | 0.1-3 | 1.00 | 21.00 | 22.00 | OK | |
| r-release-macos-x86_64 | 0.1-3 | 2.00 | 26.00 | 28.00 | OK | |
| r-release-windows-x86_64 | 0.1-3 | 3.00 | 50.00 | 53.00 | OK | |
| r-oldrel-macos-arm64 | 0.1-3 | 1.00 | 15.00 | 16.00 | OK | |
| r-oldrel-macos-x86_64 | 0.1-3 | 2.00 | 23.00 | 25.00 | OK | |
| r-oldrel-windows-x86_64 | 0.1-3 | 3.00 | 51.00 | 54.00 | OK |
Version: 0.1-3
Check: CRAN incoming feasibility
Result: NOTE
Maintainer: ‘Antonio Hermes M. da Silva-Junior <hermes@ccet.ufrn.br>’
Package CITATION file contains call(s) to old-style citEntry(). Please
use bibentry() instead.
Flavors: r-devel-linux-x86_64-debian-clang, r-devel-linux-x86_64-debian-gcc
These binaries (installable software) and packages are in development.
They may not be fully stable and should be used with caution. We make no claims about them.