Last updated on 2025-07-05 09:49:28 CEST.
Flavor | Version | Tinstall | Tcheck | Ttotal | Status | Flags |
---|---|---|---|---|---|---|
r-devel-linux-x86_64-debian-clang | 0.2.8 | 38.02 | 76.52 | 114.54 | OK | |
r-devel-linux-x86_64-debian-gcc | 0.2.8 | 25.78 | 54.43 | 80.21 | OK | |
r-devel-linux-x86_64-fedora-clang | 0.2.8 | 177.78 | OK | |||
r-devel-linux-x86_64-fedora-gcc | 0.2.8 | 168.58 | OK | |||
r-devel-windows-x86_64 | 0.2.8 | 36.00 | 98.00 | 134.00 | OK | |
r-patched-linux-x86_64 | 0.2.8 | 35.06 | 70.24 | 105.30 | OK | |
r-release-linux-x86_64 | 0.2.8 | 37.56 | 70.42 | 107.98 | OK | |
r-release-macos-arm64 | 0.2.8 | 58.00 | OK | |||
r-release-macos-x86_64 | 0.2.8 | 114.00 | OK | |||
r-release-windows-x86_64 | 0.2.8 | 41.00 | 98.00 | 139.00 | OK | |
r-oldrel-macos-arm64 | 0.2.8 | 68.00 | NOTE | |||
r-oldrel-macos-x86_64 | 0.2.8 | 194.00 | NOTE | |||
r-oldrel-windows-x86_64 | 0.2.8 | 54.00 | 116.00 | 170.00 | OK |
Version: 0.2.8
Check: installed package size
Result: NOTE
installed size is 5.4Mb
sub-directories of 1Mb or more:
data 5.1Mb
Flavors: r-oldrel-macos-arm64, r-oldrel-macos-x86_64
These binaries (installable software) and packages are in development.
They may not be fully stable and should be used with caution. We make no claims about them.