Last updated on 2024-07-27 15:50:25 CEST.
Flavor | Version | Tinstall | Tcheck | Ttotal | Status | Flags |
---|---|---|---|---|---|---|
r-devel-linux-x86_64-debian-clang | 2020.6-17 | 8.08 | 75.12 | 83.20 | NOTE | |
r-devel-linux-x86_64-debian-gcc | 2020.6-17 | NOTE | ||||
r-devel-linux-x86_64-fedora-clang | 2020.6-17 | 103.81 | NOTE | |||
r-devel-linux-x86_64-fedora-gcc | 2020.6-17 | 112.98 | NOTE | |||
r-devel-windows-x86_64 | 2020.6-17 | 7.00 | 71.00 | 78.00 | NOTE | |
r-patched-linux-x86_64 | 2020.6-17 | NOTE | ||||
r-release-linux-x86_64 | 2020.6-17 | 5.91 | 70.05 | 75.96 | NOTE | |
r-release-macos-arm64 | 2020.6-17 | 36.00 | NOTE | |||
r-release-macos-x86_64 | 2020.6-17 | 75.00 | NOTE | |||
r-release-windows-x86_64 | 2020.6-17 | 7.00 | 71.00 | 78.00 | NOTE | |
r-oldrel-macos-arm64 | 2020.6-17 | 37.00 | NOTE | |||
r-oldrel-macos-x86_64 | 2020.6-17 | 63.00 | NOTE | |||
r-oldrel-windows-x86_64 | 2020.6-17 | 7.00 | 84.00 | 91.00 | NOTE |
Version: 2020.6-17
Check: package dependencies
Result: NOTE
Package suggested but not available for checking: ‘MethylCapSig’
Flavors: r-devel-linux-x86_64-debian-clang, r-devel-linux-x86_64-debian-gcc, r-devel-linux-x86_64-fedora-clang, r-devel-linux-x86_64-fedora-gcc, r-devel-windows-x86_64, r-patched-linux-x86_64, r-release-linux-x86_64, r-release-macos-arm64, r-release-macos-x86_64, r-release-windows-x86_64, r-oldrel-macos-arm64, r-oldrel-macos-x86_64, r-oldrel-windows-x86_64
Version: 2020.6-17
Check: LazyData
Result: NOTE
'LazyData' is specified without a 'data' directory
Flavors: r-devel-linux-x86_64-debian-clang, r-devel-linux-x86_64-debian-gcc, r-devel-linux-x86_64-fedora-clang, r-devel-linux-x86_64-fedora-gcc, r-devel-windows-x86_64, r-patched-linux-x86_64, r-release-linux-x86_64, r-release-macos-arm64, r-release-macos-x86_64, r-release-windows-x86_64, r-oldrel-macos-arm64, r-oldrel-macos-x86_64, r-oldrel-windows-x86_64
These binaries (installable software) and packages are in development.
They may not be fully stable and should be used with caution. We make no claims about them.