Last updated on 2025-02-16 08:50:54 CET.
Flavor | Version | Tinstall | Tcheck | Ttotal | Status | Flags |
---|---|---|---|---|---|---|
r-devel-linux-x86_64-debian-clang | 1.0.0 | 421.33 | 532.81 | 954.14 | OK | |
r-devel-linux-x86_64-debian-gcc | 1.0.0 | 374.07 | 360.45 | 734.52 | OK | |
r-devel-linux-x86_64-fedora-clang | 1.0.0 | 1527.91 | NOTE | |||
r-devel-linux-x86_64-fedora-gcc | 1.0.0 | 1955.22 | NOTE | |||
r-devel-macos-arm64 | 1.0.0 | 399.00 | OK | |||
r-devel-macos-x86_64 | 1.0.0 | 612.00 | OK | |||
r-devel-windows-x86_64 | 1.0.0 | 404.00 | 504.00 | 908.00 | OK | |
r-patched-linux-x86_64 | 1.0.0 | 481.39 | 571.70 | 1053.09 | NOTE | |
r-release-linux-x86_64 | 1.0.0 | 474.95 | 574.50 | 1049.45 | NOTE | |
r-release-macos-arm64 | 1.0.0 | 210.00 | NOTE | |||
r-release-macos-x86_64 | 1.0.0 | 316.00 | NOTE | |||
r-release-windows-x86_64 | 1.0.0 | 413.00 | 514.00 | 927.00 | NOTE | |
r-oldrel-macos-arm64 | 1.0.0 | 352.00 | NOTE | |||
r-oldrel-macos-x86_64 | 1.0.0 | 579.00 | NOTE | |||
r-oldrel-windows-x86_64 | 1.0.0 | 540.00 | 708.00 | 1248.00 | NOTE |
Version: 1.0.0
Check: dependencies in R code
Result: NOTE
Namespaces in Imports field not imported from:
‘RcppParallel’ ‘rstantools’
All declared Imports should be used.
Flavors: r-devel-linux-x86_64-fedora-clang, r-devel-linux-x86_64-fedora-gcc
Version: 1.0.0
Check: package dependencies
Result: NOTE
Package suggested but not available for checking: ‘cmdstanr’
Flavors: r-patched-linux-x86_64, r-release-linux-x86_64, r-release-macos-arm64, r-release-macos-x86_64, r-release-windows-x86_64, r-oldrel-macos-arm64, r-oldrel-macos-x86_64, r-oldrel-windows-x86_64
Version: 1.0.0
Check: for GNU extensions in Makefiles
Result: NOTE
GNU make is a SystemRequirements.
Flavors: r-patched-linux-x86_64, r-release-linux-x86_64, r-release-macos-arm64, r-release-macos-x86_64, r-release-windows-x86_64, r-oldrel-macos-arm64, r-oldrel-macos-x86_64, r-oldrel-windows-x86_64
Version: 1.0.0
Check: installed package size
Result: NOTE
installed size is 85.7Mb
sub-directories of 1Mb or more:
libs 84.2Mb
Flavors: r-release-macos-arm64, r-release-macos-x86_64, r-release-windows-x86_64, r-oldrel-macos-arm64, r-oldrel-macos-x86_64, r-oldrel-windows-x86_64
These binaries (installable software) and packages are in development.
They may not be fully stable and should be used with caution. We make no claims about them.