Last updated on 2025-10-24 13:49:42 CEST.
| Flavor | Version | Tinstall | Tcheck | Ttotal | Status | Flags |
|---|---|---|---|---|---|---|
| r-devel-linux-x86_64-debian-clang | 1.0.0 | 420.57 | 565.17 | 985.74 | OK | |
| r-devel-linux-x86_64-debian-gcc | 1.0.0 | 355.24 | 369.48 | 724.72 | OK | |
| r-devel-linux-x86_64-fedora-clang | 1.0.0 | 1080.00 | 538.12 | 1618.12 | NOTE | |
| r-devel-linux-x86_64-fedora-gcc | 1.0.0 | 1200.00 | 627.36 | 1827.36 | NOTE | |
| r-devel-windows-x86_64 | 1.0.0 | 470.00 | 541.00 | 1011.00 | OK | |
| r-patched-linux-x86_64 | 1.0.0 | 476.99 | 598.93 | 1075.92 | OK | |
| r-release-linux-x86_64 | 1.0.0 | 491.34 | 600.32 | 1091.66 | OK | |
| r-release-macos-arm64 | 1.0.0 | 158.00 | 199.00 | 357.00 | OK | |
| r-release-macos-x86_64 | 1.0.0 | 157.00 | 455.00 | 612.00 | OK | |
| r-release-windows-x86_64 | 1.0.0 | 477.00 | 534.00 | 1011.00 | OK | |
| r-oldrel-macos-arm64 | 1.0.0 | 85.00 | 125.00 | 210.00 | NOTE | |
| r-oldrel-macos-x86_64 | 1.0.0 | 74.00 | 242.00 | 316.00 | NOTE | |
| r-oldrel-windows-x86_64 | 1.0.0 | 530.00 | 794.00 | 1324.00 | NOTE |
Version: 1.0.0
Check: dependencies in R code
Result: NOTE
Namespaces in Imports field not imported from:
‘RcppParallel’ ‘rstantools’
All declared Imports should be used.
Flavors: r-devel-linux-x86_64-fedora-clang, r-devel-linux-x86_64-fedora-gcc
Version: 1.0.0
Check: package dependencies
Result: NOTE
Package suggested but not available for checking: ‘cmdstanr’
Flavors: r-oldrel-macos-arm64, r-oldrel-macos-x86_64, r-oldrel-windows-x86_64
Version: 1.0.0
Check: installed package size
Result: NOTE
installed size is 85.7Mb
sub-directories of 1Mb or more:
libs 84.2Mb
Flavors: r-oldrel-macos-arm64, r-oldrel-macos-x86_64, r-oldrel-windows-x86_64
Version: 1.0.0
Check: for GNU extensions in Makefiles
Result: NOTE
GNU make is a SystemRequirements.
Flavors: r-oldrel-macos-arm64, r-oldrel-macos-x86_64, r-oldrel-windows-x86_64
These binaries (installable software) and packages are in development.
They may not be fully stable and should be used with caution. We make no claims about them.