Last updated on 2025-05-08 04:52:10 CEST.
Flavor | Version | Tinstall | Tcheck | Ttotal | Status | Flags |
---|---|---|---|---|---|---|
r-devel-linux-x86_64-debian-clang | 0.1.1 | 2.29 | 25.14 | 27.43 | NOTE | |
r-devel-linux-x86_64-debian-gcc | 0.1.1 | 1.72 | 20.65 | 22.37 | NOTE | |
r-devel-linux-x86_64-fedora-clang | 0.1.1 | 41.94 | OK | |||
r-devel-linux-x86_64-fedora-gcc | 0.1.1 | 41.03 | OK | |||
r-devel-windows-x86_64 | 0.1.1 | 3.00 | 46.00 | 49.00 | OK | |
r-patched-linux-x86_64 | 0.1.1 | 2.55 | 24.31 | 26.86 | OK | |
r-release-linux-x86_64 | 0.1.1 | 2.42 | 24.14 | 26.56 | OK | |
r-release-macos-arm64 | 0.1.1 | 27.00 | OK | |||
r-release-macos-x86_64 | 0.1.1 | 33.00 | OK | |||
r-release-windows-x86_64 | 0.1.1 | 5.00 | 46.00 | 51.00 | OK | |
r-oldrel-macos-arm64 | 0.1.1 | 23.00 | OK | |||
r-oldrel-macos-x86_64 | 0.1.1 | 29.00 | OK | |||
r-oldrel-windows-x86_64 | 0.1.1 | 4.00 | 93.00 | 97.00 | OK |
Version: 0.1.1
Check: CRAN incoming feasibility
Result: NOTE
Maintainer: ‘Mark Edmondson <r@sunholo.com>’
The BugReports field in DESCRIPTION has
https://github.com/MarkEdmondson1234/measurementProtocol
which should likely be
https://github.com/MarkEdmondson1234/measurementProtocol/issues
instead.
Flavors: r-devel-linux-x86_64-debian-clang, r-devel-linux-x86_64-debian-gcc
These binaries (installable software) and packages are in development.
They may not be fully stable and should be used with caution. We make no claims about them.