CRAN Package Check Results for Package measures

Last updated on 2025-07-02 01:51:43 CEST.

Flavor Version Tinstall Tcheck Ttotal Status Flags
r-devel-linux-x86_64-debian-clang 0.3 2.41 24.88 27.29 OK
r-devel-linux-x86_64-debian-gcc 0.3 1.85 21.17 23.02 OK
r-devel-linux-x86_64-fedora-clang 0.3 42.05 OK
r-devel-linux-x86_64-fedora-gcc 0.3 40.40 OK
r-devel-windows-x86_64 0.3 4.00 56.00 60.00 OK
r-patched-linux-x86_64 OK
r-release-linux-x86_64 0.3 2.37 23.16 25.53 OK
r-release-macos-arm64 0.3 34.00 OK
r-release-macos-x86_64 0.3 31.00 OK
r-release-windows-x86_64 0.3 3.00 56.00 59.00 OK
r-oldrel-macos-arm64 0.3 16.00 NOTE
r-oldrel-macos-x86_64 0.3 24.00 NOTE
r-oldrel-windows-x86_64 0.3 5.00 60.00 65.00 NOTE

Check Details

Version: 0.3
Check: LazyData
Result: NOTE 'LazyData' is specified without a 'data' directory Flavors: r-oldrel-macos-arm64, r-oldrel-macos-x86_64, r-oldrel-windows-x86_64

These binaries (installable software) and packages are in development.
They may not be fully stable and should be used with caution. We make no claims about them.