Last updated on 2025-11-11 15:50:39 CET.
| Flavor | Version | Tinstall | Tcheck | Ttotal | Status | Flags |
|---|---|---|---|---|---|---|
| r-devel-linux-x86_64-debian-clang | 1.4-9.4 | 4.00 | 131.30 | 135.30 | NOTE | |
| r-devel-linux-x86_64-debian-gcc | 1.4-9.4 | 3.14 | 88.37 | 91.51 | NOTE | |
| r-devel-linux-x86_64-fedora-clang | 1.4-9.4 | 214.27 | OK | |||
| r-devel-linux-x86_64-fedora-gcc | 1.4-9.4 | 215.98 | OK | |||
| r-devel-windows-x86_64 | 1.4-9.4 | 9.00 | 146.00 | 155.00 | OK | |
| r-patched-linux-x86_64 | 1.4-9.4 | 4.20 | 125.62 | 129.82 | OK | |
| r-release-linux-x86_64 | 1.4-9.4 | 3.24 | 129.67 | 132.91 | OK | |
| r-release-macos-arm64 | 1.4-9.4 | 3.00 | 66.00 | 69.00 | OK | |
| r-release-macos-x86_64 | 1.4-9.4 | 5.00 | 132.00 | 137.00 | OK | |
| r-release-windows-x86_64 | 1.4-9.4 | 9.00 | 148.00 | 157.00 | OK | |
| r-oldrel-macos-arm64 | 1.4-9.4 | 3.00 | 62.00 | 65.00 | OK | |
| r-oldrel-macos-x86_64 | 1.4-9.4 | 4.00 | 97.00 | 101.00 | OK | |
| r-oldrel-windows-x86_64 | 1.4-9.4 | 11.00 | 184.00 | 195.00 | OK |
Version: 1.4-9.4
Check: CRAN incoming feasibility
Result: NOTE
Maintainer: ‘Fred Viole <fviole@fordham.edu>’
No Authors@R field in DESCRIPTION.
Please add one, modifying
Authors@R: c(person(given = c("Hrishikesh", "D."),
family = "Vinod",
role = "aut",
email = "Vinod@fordham.edu"),
person(given = "Javier",
family = "López-de-Lacalle",
role = "aut",
email = "javlacalle@yahoo.es"),
person(given = "Fred",
family = "Viole",
role = c("aut", "cre"),
email = "fviole@fordham.edu"))
as necessary.
Flavors: r-devel-linux-x86_64-debian-clang, r-devel-linux-x86_64-debian-gcc
These binaries (installable software) and packages are in development.
They may not be fully stable and should be used with caution. We make no claims about them.