Last updated on 2025-11-11 15:50:39 CET.
| Flavor | Version | Tinstall | Tcheck | Ttotal | Status | Flags |
|---|---|---|---|---|---|---|
| r-devel-linux-x86_64-debian-clang | 1.0.0 | 13.35 | 117.39 | 130.74 | NOTE | |
| r-devel-linux-x86_64-debian-gcc | 1.0.0 | 9.77 | 83.37 | 93.14 | NOTE | |
| r-devel-linux-x86_64-fedora-clang | 1.0.0 | 25.00 | 176.75 | 201.75 | OK | |
| r-devel-linux-x86_64-fedora-gcc | 1.0.0 | 24.00 | 184.95 | 208.95 | OK | |
| r-devel-windows-x86_64 | 1.0.0 | 15.00 | 117.00 | 132.00 | OK | |
| r-patched-linux-x86_64 | 1.0.0 | 10.63 | 113.06 | 123.69 | OK | |
| r-release-linux-x86_64 | 1.0.0 | 12.45 | 111.12 | 123.57 | OK | |
| r-release-macos-arm64 | 1.0.0 | 8.00 | 94.00 | 102.00 | OK | |
| r-release-macos-x86_64 | 1.0.0 | 12.00 | 107.00 | 119.00 | OK | |
| r-release-windows-x86_64 | 1.0.0 | 13.00 | 116.00 | 129.00 | OK | |
| r-oldrel-macos-arm64 | 1.0.0 | 5.00 | 55.00 | 60.00 | OK | |
| r-oldrel-macos-x86_64 | 1.0.0 | 8.00 | 79.00 | 87.00 | OK | |
| r-oldrel-windows-x86_64 | 1.0.0 | 20.00 | 151.00 | 171.00 | OK |
Version: 1.0.0
Check: CRAN incoming feasibility
Result: NOTE
Maintainer: ‘Linda Nab <lindanab4@gmail.com>’
No Authors@R field in DESCRIPTION.
Please add one, modifying
Authors@R: person(given = "Linda",
family = "Nab",
role = c("aut", "cre"),
email = "lindanab4@gmail.com")
as necessary.
Flavors: r-devel-linux-x86_64-debian-clang, r-devel-linux-x86_64-debian-gcc
These binaries (installable software) and packages are in development.
They may not be fully stable and should be used with caution. We make no claims about them.