CRAN Package Check Results for Package mecoturn

Last updated on 2025-05-08 04:52:10 CEST.

Flavor Version Tinstall Tcheck Ttotal Status Flags
r-devel-linux-x86_64-debian-clang 0.3.0 25.54 161.78 187.32 NOTE
r-devel-linux-x86_64-debian-gcc 0.3.0 16.93 113.38 130.31 NOTE
r-devel-linux-x86_64-fedora-clang 0.3.0 298.70 OK
r-devel-linux-x86_64-fedora-gcc 0.3.0 286.63 OK
r-devel-windows-x86_64 0.3.0 25.00 142.00 167.00 NOTE
r-patched-linux-x86_64 0.3.0 23.41 150.92 174.33 NOTE
r-release-linux-x86_64 0.3.0 23.80 151.45 175.25 NOTE
r-release-macos-arm64 0.3.0 74.00 OK
r-release-macos-x86_64 0.3.0 151.00 OK
r-release-windows-x86_64 0.3.0 24.00 141.00 165.00 NOTE
r-oldrel-macos-arm64 0.3.0 73.00 OK
r-oldrel-macos-x86_64 0.3.0 107.00 OK
r-oldrel-windows-x86_64 0.3.0 35.00 183.00 218.00 OK

Check Details

Version: 0.3.0
Check: Rd cross-references
Result: NOTE Found the following Rd file(s) with Rd \link{} targets missing package anchors: betaturn.Rd: microtable, trans_beta taxaturn.Rd: microtable Please provide package anchors for all Rd \link{} targets not in the package itself and the base packages. Flavors: r-devel-linux-x86_64-debian-clang, r-devel-linux-x86_64-debian-gcc, r-devel-windows-x86_64, r-patched-linux-x86_64, r-release-linux-x86_64, r-release-windows-x86_64

These binaries (installable software) and packages are in development.
They may not be fully stable and should be used with caution. We make no claims about them.