CRAN Package Check Results for Package medExtractR

Last updated on 2025-07-26 07:50:27 CEST.

Flavor Version Tinstall Tcheck Ttotal Status Flags
r-devel-linux-x86_64-debian-clang 0.4.1 6.14 177.75 183.89 NOTE
r-devel-linux-x86_64-debian-gcc 0.4.1 4.10 132.72 136.82 NOTE
r-devel-linux-x86_64-fedora-clang 0.4.1 290.22 NOTE
r-devel-linux-x86_64-fedora-gcc 0.4.1 298.64 NOTE
r-devel-windows-x86_64 0.4.1 8.00 266.00 274.00 NOTE
r-patched-linux-x86_64 0.4.1 6.54 172.13 178.67 NOTE
r-release-linux-x86_64 0.4.1 6.18 172.62 178.80 NOTE
r-release-macos-arm64 0.4.1 133.00 NOTE
r-release-macos-x86_64 0.4.1 232.00 NOTE
r-release-windows-x86_64 0.4.1 8.00 257.00 265.00 NOTE
r-oldrel-macos-arm64 0.4.1 111.00 NOTE
r-oldrel-macos-x86_64 0.4.1 171.00 NOTE
r-oldrel-windows-x86_64 0.4.1 9.00 295.00 304.00 NOTE

Check Details

Version: 0.4.1
Check: Rd files
Result: NOTE checkRd: (-1) strings-internal.Rd:14: Lost braces 14 | code{stringPlaceExact}: find location of string, using exact match | ^ checkRd: (-1) strings-internal.Rd:17: Lost braces 17 | code{stringPlaceFuzzy}: find location of string, using partial match | ^ checkRd: (-1) strings-internal.Rd:19: Lost braces 19 | code{stringPlace}: find location of string, generic | ^ checkRd: (-1) strings-internal.Rd:21: Lost braces 21 | code{checkFuzzy}: check for "close" string matches | ^ Flavors: r-devel-linux-x86_64-debian-clang, r-devel-linux-x86_64-debian-gcc, r-devel-linux-x86_64-fedora-clang, r-devel-linux-x86_64-fedora-gcc, r-devel-windows-x86_64, r-patched-linux-x86_64, r-release-linux-x86_64, r-release-macos-arm64, r-release-macos-x86_64, r-release-windows-x86_64, r-oldrel-macos-arm64, r-oldrel-macos-x86_64, r-oldrel-windows-x86_64

These binaries (installable software) and packages are in development.
They may not be fully stable and should be used with caution. We make no claims about them.